{"id":7600,"date":"2025-09-09T20:37:30","date_gmt":"2025-09-09T23:37:30","guid":{"rendered":"https:\/\/dev.alisonandrei.com.br\/artigos\/um-cenario-que-se-renova-anualmente\/"},"modified":"2026-02-11T11:00:56","modified_gmt":"2026-02-11T14:00:56","slug":"um-cenario-que-se-renova-anualmente","status":"publish","type":"artigos","link":"https:\/\/sepam.com.br\/pt\/artigos\/um-cenario-que-se-renova-anualmente\/","title":{"rendered":"Um cen\u00e1rio que se renova anualmente"},"content":{"rendered":"<p><em>Por Katia Gisele Costa<\/em><\/p>\n<p>Cada ano que inicia traz novas oportunidades de aprimorar a doc\u00eancia e as pr\u00e1ticas que norteiam o fazer pedag\u00f3gico. Os protagonistas da grande pe\u00e7a educacional que inicia em fevereiro e acaba em dezembro s\u00e3o alunos e professores e \u00e9 ali, na intera\u00e7\u00e3o di\u00e1ria, na troca afetuosa de, \u00e0s vezes abra\u00e7o, \u00e0s vezes recusa, (normalmente na segunda-feira) que acontecem as maiores constru\u00e7\u00f5es tanto dos conceitos cognitivos quanto o amadurecimento emocional.<\/p>\n<p>As professoras n\u00e3o esquecem nem por um instante de que as crian\u00e7as com carinhas curiosas que sentam nas cadeirinhas n\u00e3o s\u00e3o s\u00f3 crian\u00e7as, s\u00e3o pessoas em forma\u00e7\u00e3o e enquanto estiverem sobre suas tutelas, elas s\u00e3o Respons\u00e1veis pelo que dizem e fazem. Outro dia uma \u201cm\u00e3e nova\u201d &#8211; dizemos isto de uma m\u00e3e que acaba de chegar em nosso col\u00e9gio &#8211; nos perguntou se a professora do filho dela era \u201cs\u00e9ria\u201d porque ela queria uma professora carinhosa para a crian\u00e7a que tinha apenas 3 anos, e ao perguntar nos parecia um pouco sem gra\u00e7a. Aproveitamo-nos da pergunta desta m\u00e3e e j\u00e1 respondemos para todas as outras m\u00e3es que ficaram com vergonha de perguntar: Sim! As<br \/>\nprofessoras s\u00e3o carinhosas, gostam de cantar, de conversar em rodinha, de dan\u00e7ar e fazer cosquinha. As professoras pegam no colo, d\u00e3o beijinho no dod\u00f3i e incentivam os amigos a darem abra\u00e7os quando percebem um comportamento ind\u00f3cil, se abaixam para falar com as crian\u00e7as e ouvem com aten\u00e7\u00e3o e carinho o tatibitati dos pequenos.<\/p>\n<p>Acontecem pausas nas atividades para conversar sobre as boas atitudes, sobre como viver harmoniosamente em sociedade, sobre ser gentil, honesto e generoso. A professora da crian\u00e7a pequena acaba sendo um pouco m\u00e3e, n\u00e3o tem como negar, e por isso, em alguns momentos acaba sobrando para ela o papel chato de chamar a aten\u00e7\u00e3o ou repreender. Ela, assim como as m\u00e3es, ensina a vestir o casaco, a desvirar a meia no parque, a puxar a descarga, a guardar os brinquedos, a dizer muito obrigada com licen\u00e7a e por favor.<\/p>\n<p>Por receberem forma\u00e7\u00e3o universit\u00e1ria e estarem constantemente refletindo sobre as suas pr\u00e1ticas em forma\u00e7\u00e3o cont\u00ednua, reuni\u00f5es pedag\u00f3gicas e palestras, as professoras sabem que \u00e9 l\u00e1, no corre-corre do parquinho que as crian\u00e7as constroem os primeiros conceitos de partilha, doa\u00e7\u00e3o, generosidade, cuidado, conviv\u00eancia, entre outros, e toda vez que a professora presencia tais conceitos ela os valoriza pois sabe que ao verbalizar, concretiza as boas a\u00e7\u00f5es.<\/p>\n<p>Assim, dia a dia, m\u00eas a m\u00eas, alunos e professores v\u00e3o construindo um cen\u00e1rio consistente e perdur\u00e1vel que envolve aprendizado, intera\u00e7\u00e3o e forma\u00e7\u00e3o cidad\u00e3, crit\u00e9rios que fazem do nosso col\u00e9gio um exemplo de ensino em nossa cidade dando aos nossos alunos uma forma\u00e7\u00e3o completa e INCOMPAR\u00c1VEL.<\/p>\n<p>&nbsp;<\/p>\n<blockquote><p><em><strong>Katia Gisele Costa<\/strong> \u00e9\u00a0Pedagoga pela Universidade Estadual de Ponta Grossa e Mestre em Educa\u00e7\u00e3o pela Universidade do Minho (Portugal). \u00c9\u00a0 Coordenadora Pedag\u00f3gica \u2013 Educa\u00e7\u00e3o Infantil no Col\u00e9gio Pontagrossense SEPAM, de Ponta Grossa-PR.<\/em><\/p><\/blockquote>\n<p>&nbsp;<\/p>\n","protected":false},"featured_media":0,"template":"","class_list":["post-7600","artigos","type-artigos","status-publish","hentry"],"yoast_head":"<!-- This site is optimized with the Yoast SEO plugin v28.4 - https:\/\/yoast.com\/product\/yoast-seo-wordpress\/ -->\n<title>Um cen\u00e1rio que se renova anualmente - Col\u00e9gio Sepam<\/title>\n<meta name=\"robots\" content=\"index, follow, max-snippet:-1, max-image-preview:large, max-video-preview:-1\" \/>\n<link rel=\"canonical\" href=\"https:\/\/sepam.com.br\/pt\/artigos\/um-cenario-que-se-renova-anualmente\/\" \/>\n<meta property=\"og:locale\" content=\"pt_BR\" \/>\n<meta property=\"og:type\" content=\"article\" \/>\n<meta property=\"og:title\" content=\"Um cen\u00e1rio que se renova anualmente - Col\u00e9gio Sepam\" \/>\n<meta property=\"og:description\" content=\"Por Katia Gisele Costa Cada ano que inicia traz novas oportunidades de aprimorar a doc\u00eancia e as pr\u00e1ticas que norteiam o fazer pedag\u00f3gico. Os protagonistas da grande pe\u00e7a educacional que inicia em fevereiro e acaba em dezembro s\u00e3o alunos e professores e \u00e9 ali, na intera\u00e7\u00e3o di\u00e1ria, na troca afetuosa de, \u00e0s vezes abra\u00e7o, \u00e0s [&hellip;]\" \/>\n<meta property=\"og:url\" content=\"https:\/\/sepam.com.br\/pt\/artigos\/um-cenario-que-se-renova-anualmente\/\" \/>\n<meta property=\"og:site_name\" content=\"Col\u00e9gio Sepam\" \/>\n<meta property=\"article:modified_time\" content=\"2026-02-11T14:00:56+00:00\" \/>\n<meta name=\"twitter:card\" content=\"summary_large_image\" \/>\n<meta name=\"twitter:label1\" content=\"Est. tempo de leitura\" \/>\n\t<meta name=\"twitter:data1\" content=\"3 minutos\" \/>\n<script type=\"application\/ld+json\" class=\"yoast-schema-graph\">{\"@context\":\"https:\\\/\\\/schema.org\",\"@graph\":[{\"@type\":\"WebPage\",\"@id\":\"https:\\\/\\\/sepam.com.br\\\/pt\\\/artigos\\\/um-cenario-que-se-renova-anualmente\\\/\",\"url\":\"https:\\\/\\\/sepam.com.br\\\/pt\\\/artigos\\\/um-cenario-que-se-renova-anualmente\\\/\",\"name\":\"Um cen\u00e1rio que se renova anualmente - Col\u00e9gio Sepam\",\"isPartOf\":{\"@id\":\"https:\\\/\\\/sepam.com.br\\\/#website\"},\"datePublished\":\"2025-09-09T23:37:30+00:00\",\"dateModified\":\"2026-02-11T14:00:56+00:00\",\"breadcrumb\":{\"@id\":\"https:\\\/\\\/sepam.com.br\\\/pt\\\/artigos\\\/um-cenario-que-se-renova-anualmente\\\/#breadcrumb\"},\"inLanguage\":\"pt-BR\",\"potentialAction\":[{\"@type\":\"ReadAction\",\"target\":[\"https:\\\/\\\/sepam.com.br\\\/pt\\\/artigos\\\/um-cenario-que-se-renova-anualmente\\\/\"]}]},{\"@type\":\"BreadcrumbList\",\"@id\":\"https:\\\/\\\/sepam.com.br\\\/pt\\\/artigos\\\/um-cenario-que-se-renova-anualmente\\\/#breadcrumb\",\"itemListElement\":[{\"@type\":\"ListItem\",\"position\":1,\"name\":\"In\u00edcio\",\"item\":\"https:\\\/\\\/sepam.com.br\\\/\"},{\"@type\":\"ListItem\",\"position\":2,\"name\":\"Um cen\u00e1rio que se renova anualmente\"}]},{\"@type\":\"WebSite\",\"@id\":\"https:\\\/\\\/sepam.com.br\\\/#website\",\"url\":\"https:\\\/\\\/sepam.com.br\\\/\",\"name\":\"Col\u00e9gio Sepam\",\"description\":\"Ensino Incompar\u00e1vel\",\"publisher\":{\"@id\":\"https:\\\/\\\/sepam.com.br\\\/#organization\"},\"potentialAction\":[{\"@type\":\"SearchAction\",\"target\":{\"@type\":\"EntryPoint\",\"urlTemplate\":\"https:\\\/\\\/sepam.com.br\\\/?s={search_term_string}\"},\"query-input\":{\"@type\":\"PropertyValueSpecification\",\"valueRequired\":true,\"valueName\":\"search_term_string\"}}],\"inLanguage\":\"pt-BR\"},{\"@type\":\"Organization\",\"@id\":\"https:\\\/\\\/sepam.com.br\\\/#organization\",\"name\":\"Col\u00e9gio Sepam\",\"url\":\"https:\\\/\\\/sepam.com.br\\\/\",\"logo\":{\"@type\":\"ImageObject\",\"inLanguage\":\"pt-BR\",\"@id\":\"https:\\\/\\\/sepam.com.br\\\/#\\\/schema\\\/logo\\\/image\\\/\",\"url\":\"https:\\\/\\\/sepam.com.br\\\/wp-content\\\/uploads\\\/2025\\\/02\\\/Ativo-2.png\",\"contentUrl\":\"https:\\\/\\\/sepam.com.br\\\/wp-content\\\/uploads\\\/2025\\\/02\\\/Ativo-2.png\",\"width\":595,\"height\":525,\"caption\":\"Col\u00e9gio Sepam\"},\"image\":{\"@id\":\"https:\\\/\\\/sepam.com.br\\\/#\\\/schema\\\/logo\\\/image\\\/\"}}]}<\/script>\n<!-- \/ Yoast SEO plugin. -->","yoast_head_json":{"title":"Um cen\u00e1rio que se renova anualmente - Col\u00e9gio Sepam","robots":{"index":"index","follow":"follow","max-snippet":"max-snippet:-1","max-image-preview":"max-image-preview:large","max-video-preview":"max-video-preview:-1"},"canonical":"https:\/\/sepam.com.br\/pt\/artigos\/um-cenario-que-se-renova-anualmente\/","og_locale":"pt_BR","og_type":"article","og_title":"Um cen\u00e1rio que se renova anualmente - Col\u00e9gio Sepam","og_description":"Por Katia Gisele Costa Cada ano que inicia traz novas oportunidades de aprimorar a doc\u00eancia e as pr\u00e1ticas que norteiam o fazer pedag\u00f3gico. Os protagonistas da grande pe\u00e7a educacional que inicia em fevereiro e acaba em dezembro s\u00e3o alunos e professores e \u00e9 ali, na intera\u00e7\u00e3o di\u00e1ria, na troca afetuosa de, \u00e0s vezes abra\u00e7o, \u00e0s [&hellip;]","og_url":"https:\/\/sepam.com.br\/pt\/artigos\/um-cenario-que-se-renova-anualmente\/","og_site_name":"Col\u00e9gio Sepam","article_modified_time":"2026-02-11T14:00:56+00:00","twitter_card":"summary_large_image","twitter_misc":{"Est. tempo de leitura":"3 minutos"},"schema":{"@context":"https:\/\/schema.org","@graph":[{"@type":"WebPage","@id":"https:\/\/sepam.com.br\/pt\/artigos\/um-cenario-que-se-renova-anualmente\/","url":"https:\/\/sepam.com.br\/pt\/artigos\/um-cenario-que-se-renova-anualmente\/","name":"Um cen\u00e1rio que se renova anualmente - Col\u00e9gio Sepam","isPartOf":{"@id":"https:\/\/sepam.com.br\/#website"},"datePublished":"2025-09-09T23:37:30+00:00","dateModified":"2026-02-11T14:00:56+00:00","breadcrumb":{"@id":"https:\/\/sepam.com.br\/pt\/artigos\/um-cenario-que-se-renova-anualmente\/#breadcrumb"},"inLanguage":"pt-BR","potentialAction":[{"@type":"ReadAction","target":["https:\/\/sepam.com.br\/pt\/artigos\/um-cenario-que-se-renova-anualmente\/"]}]},{"@type":"BreadcrumbList","@id":"https:\/\/sepam.com.br\/pt\/artigos\/um-cenario-que-se-renova-anualmente\/#breadcrumb","itemListElement":[{"@type":"ListItem","position":1,"name":"In\u00edcio","item":"https:\/\/sepam.com.br\/"},{"@type":"ListItem","position":2,"name":"Um cen\u00e1rio que se renova anualmente"}]},{"@type":"WebSite","@id":"https:\/\/sepam.com.br\/#website","url":"https:\/\/sepam.com.br\/","name":"Col\u00e9gio Sepam","description":"Ensino Incompar\u00e1vel","publisher":{"@id":"https:\/\/sepam.com.br\/#organization"},"potentialAction":[{"@type":"SearchAction","target":{"@type":"EntryPoint","urlTemplate":"https:\/\/sepam.com.br\/?s={search_term_string}"},"query-input":{"@type":"PropertyValueSpecification","valueRequired":true,"valueName":"search_term_string"}}],"inLanguage":"pt-BR"},{"@type":"Organization","@id":"https:\/\/sepam.com.br\/#organization","name":"Col\u00e9gio Sepam","url":"https:\/\/sepam.com.br\/","logo":{"@type":"ImageObject","inLanguage":"pt-BR","@id":"https:\/\/sepam.com.br\/#\/schema\/logo\/image\/","url":"https:\/\/sepam.com.br\/wp-content\/uploads\/2025\/02\/Ativo-2.png","contentUrl":"https:\/\/sepam.com.br\/wp-content\/uploads\/2025\/02\/Ativo-2.png","width":595,"height":525,"caption":"Col\u00e9gio Sepam"},"image":{"@id":"https:\/\/sepam.com.br\/#\/schema\/logo\/image\/"}}]}},"_links":{"self":[{"href":"https:\/\/sepam.com.br\/pt\/wp-json\/wp\/v2\/artigos\/7600","targetHints":{"allow":["GET"]}}],"collection":[{"href":"https:\/\/sepam.com.br\/pt\/wp-json\/wp\/v2\/artigos"}],"about":[{"href":"https:\/\/sepam.com.br\/pt\/wp-json\/wp\/v2\/types\/artigos"}],"wp:attachment":[{"href":"https:\/\/sepam.com.br\/pt\/wp-json\/wp\/v2\/media?parent=7600"}],"curies":[{"name":"wp","href":"https:\/\/api.w.org\/{rel}","templated":true}]}}

Um cenário que se renova anualmente

<p><em>Por Katia Gisele Costa</em></p>
<p>Cada ano que inicia traz novas oportunidades de aprimorar a docência e as práticas que norteiam o fazer pedagógico. Os protagonistas da grande peça educacional que inicia em fevereiro e acaba em dezembro são alunos e professores e é ali, na interação diária, na troca afetuosa de, às vezes abraço, às vezes recusa, (normalmente na segunda-feira) que acontecem as maiores construções tanto dos conceitos cognitivos quanto o amadurecimento emocional.</p>
<p>As professoras não esquecem nem por um instante de que as crianças com carinhas curiosas que sentam nas cadeirinhas não são só crianças, são pessoas em formação e enquanto estiverem sobre suas tutelas, elas são Responsáveis pelo que dizem e fazem. Outro dia uma “mãe nova” &#8211; dizemos isto de uma mãe que acaba de chegar em nosso colégio &#8211; nos perguntou se a professora do filho dela era “séria” porque ela queria uma professora carinhosa para a criança que tinha apenas 3 anos, e ao perguntar nos parecia um pouco sem graça. Aproveitamo-nos da pergunta desta mãe e já respondemos para todas as outras mães que ficaram com vergonha de perguntar: Sim! As<br />
professoras são carinhosas, gostam de cantar, de conversar em rodinha, de dançar e fazer cosquinha. As professoras pegam no colo, dão beijinho no dodói e incentivam os amigos a darem abraços quando percebem um comportamento indócil, se abaixam para falar com as crianças e ouvem com atenção e carinho o tatibitati dos pequenos.</p>
<p>Acontecem pausas nas atividades para conversar sobre as boas atitudes, sobre como viver harmoniosamente em sociedade, sobre ser gentil, honesto e generoso. A professora da criança pequena acaba sendo um pouco mãe, não tem como negar, e por isso, em alguns momentos acaba sobrando para ela o papel chato de chamar a atenção ou repreender. Ela, assim como as mães, ensina a vestir o casaco, a desvirar a meia no parque, a puxar a descarga, a guardar os brinquedos, a dizer muito obrigada com licença e por favor.</p>
<p>Por receberem formação universitária e estarem constantemente refletindo sobre as suas práticas em formação contínua, reuniões pedagógicas e palestras, as professoras sabem que é lá, no corre-corre do parquinho que as crianças constroem os primeiros conceitos de partilha, doação, generosidade, cuidado, convivência, entre outros, e toda vez que a professora presencia tais conceitos ela os valoriza pois sabe que ao verbalizar, concretiza as boas ações.</p>
<p>Assim, dia a dia, mês a mês, alunos e professores vão construindo um cenário consistente e perdurável que envolve aprendizado, interação e formação cidadã, critérios que fazem do nosso colégio um exemplo de ensino em nossa cidade dando aos nossos alunos uma formação completa e INCOMPARÁVEL.</p>
<p>&nbsp;</p>
<blockquote><p><em><strong>Katia Gisele Costa</strong> é Pedagoga pela Universidade Estadual de Ponta Grossa e Mestre em Educação pela Universidade do Minho (Portugal). É  Coordenadora Pedagógica – Educação Infantil no Colégio Pontagrossense SEPAM, de Ponta Grossa-PR.</em></p></blockquote>
<p>&nbsp;</p>

<!-- This site is optimized with the Yoast SEO plugin v28.4 - https://yoast.com/product/yoast-seo-wordpress/ -->
<title>Um cenário que se renova anualmente - Colégio Sepam</title>
<meta name="robots" content="index, follow, max-snippet:-1, max-image-preview:large, max-video-preview:-1" />
<link rel="canonical" href="https://sepam.com.br/pt/artigos/um-cenario-que-se-renova-anualmente/" />
<meta property="og:locale" content="pt_BR" />
<meta property="og:type" content="article" />
<meta property="og:title" content="Um cenário que se renova anualmente - Colégio Sepam" />
<meta property="og:description" content="Por Katia Gisele Costa Cada ano que inicia traz novas oportunidades de aprimorar a docência e as práticas que norteiam o fazer pedagógico. Os protagonistas da grande peça educacional que inicia em fevereiro e acaba em dezembro são alunos e professores e é ali, na interação diária, na troca afetuosa de, às vezes abraço, às [&hellip;]" />
<meta property="og:url" content="https://sepam.com.br/pt/artigos/um-cenario-que-se-renova-anualmente/" />
<meta property="og:site_name" content="Colégio Sepam" />
<meta property="article:modified_time" content="2026-02-11T14:00:56+00:00" />
<meta name="twitter:card" content="summary_large_image" />
<meta name="twitter:label1" content="Est. tempo de leitura" />
	<meta name="twitter:data1" content="3 minutos" />
<script type="application/ld+json" class="yoast-schema-graph">{"@context":"https:\/\/schema.org","@graph":[{"@type":"WebPage","@id":"https:\/\/sepam.com.br\/pt\/artigos\/um-cenario-que-se-renova-anualmente\/","url":"https:\/\/sepam.com.br\/pt\/artigos\/um-cenario-que-se-renova-anualmente\/","name":"Um cenário que se renova anualmente - Colégio Sepam","isPartOf":{"@id":"https:\/\/sepam.com.br\/#website"},"datePublished":"2025-09-09T23:37:30+00:00","dateModified":"2026-02-11T14:00:56+00:00","breadcrumb":{"@id":"https:\/\/sepam.com.br\/pt\/artigos\/um-cenario-que-se-renova-anualmente\/#breadcrumb"},"inLanguage":"pt-BR","potentialAction":[{"@type":"ReadAction","target":["https:\/\/sepam.com.br\/pt\/artigos\/um-cenario-que-se-renova-anualmente\/"]}]},{"@type":"BreadcrumbList","@id":"https:\/\/sepam.com.br\/pt\/artigos\/um-cenario-que-se-renova-anualmente\/#breadcrumb","itemListElement":[{"@type":"ListItem","position":1,"name":"Início","item":"https:\/\/sepam.com.br\/"},{"@type":"ListItem","position":2,"name":"Um cenário que se renova anualmente"}]},{"@type":"WebSite","@id":"https:\/\/sepam.com.br\/#website","url":"https:\/\/sepam.com.br\/","name":"Colégio Sepam","description":"Ensino Incomparável","publisher":{"@id":"https:\/\/sepam.com.br\/#organization"},"potentialAction":[{"@type":"SearchAction","target":{"@type":"EntryPoint","urlTemplate":"https:\/\/sepam.com.br\/?s={search_term_string}"},"query-input":{"@type":"PropertyValueSpecification","valueRequired":true,"valueName":"search_term_string"}}],"inLanguage":"pt-BR"},{"@type":"Organization","@id":"https:\/\/sepam.com.br\/#organization","name":"Colégio Sepam","url":"https:\/\/sepam.com.br\/","logo":{"@type":"ImageObject","inLanguage":"pt-BR","@id":"https:\/\/sepam.com.br\/#\/schema\/logo\/image\/","url":"https:\/\/sepam.com.br\/wp-content\/uploads\/2025\/02\/Ativo-2.png","contentUrl":"https:\/\/sepam.com.br\/wp-content\/uploads\/2025\/02\/Ativo-2.png","width":595,"height":525,"caption":"Colégio Sepam"},"image":{"@id":"https:\/\/sepam.com.br\/#\/schema\/logo\/image\/"}}]}</script>
<!-- / Yoast SEO plugin. -->

Um cenário que se renova anualmente - Colégio Sepam

Por Katia Gisele Costa Cada ano que inicia traz novas oportunidades de aprimorar a docência e as práticas que norteiam o fazer pedagógico. Os protagonistas da grande peça educacional que inicia em fevereiro e acaba em dezembro são alunos e professores e é ali, na interação diária, na troca afetuosa de, às vezes abraço, às [&hellip;]

Colégio Sepam

Início

Ensino Incomparável
