{"id":7599,"date":"2025-09-09T20:37:30","date_gmt":"2025-09-09T23:37:30","guid":{"rendered":"https:\/\/dev.alisonandrei.com.br\/artigos\/os-primeiros-de-muitos-dias-de-sucesso\/"},"modified":"2026-02-11T11:00:56","modified_gmt":"2026-02-11T14:00:56","slug":"os-primeiros-de-muitos-dias-de-sucesso","status":"publish","type":"artigos","link":"https:\/\/sepam.com.br\/fr\/artigos\/os-primeiros-de-muitos-dias-de-sucesso\/","title":{"rendered":"Os primeiros de muitos dias de sucesso"},"content":{"rendered":"<p><em>Por Katia Gisele Costa<\/em><\/p>\n<p>Levando em considera\u00e7\u00e3o que \u00e9 na primeira inf\u00e2ncia (dos zero aos 6 anos) que a crian\u00e7a desenvolve habilidades mentais necess\u00e1rias para o enfrentamento de obst\u00e1culos, e sabendo tamb\u00e9m que \u00e9 depois dos seis que ela os consolida, o Sepam abre as portas no in\u00edcio de cada ano letivo com uma equipe atualizada, bem preparada e articulada para atender com compet\u00eancia e singularidade \u00e0s necessidades de cada crian\u00e7a.<\/p>\n<p>O choro \u00e9 comum em algumas crian\u00e7as nos primeiros dias e, quase na mesma medida, m\u00e3es choram para fora da grande porta envidra\u00e7ada do col\u00e9gio, por isso, deixamos aqui registrado que cada crian\u00e7a, \u00e9 para n\u00f3s, \u00fanica e exclusiva. Todas s\u00e3o tratadas com o maior carinho e respeito, levando em considera\u00e7\u00e3o o tempo e ritmo de cada pequeno aluno.<\/p>\n<p>A transpar\u00eancia do trabalho realizado ao longo de 78 anos e o cultivo do bom relacionamento entre pais, professores e gestores tem feito com que nossa proposta pedag\u00f3gica \u2013 alicer\u00e7ada na ideia convicta de forma\u00e7\u00e3o humana \u2013 nos confirme a cada ano, que estamos no caminho certo. Numa fus\u00e3o entre brincar e aprender,\u00a0 nossos alunos demonstram dom\u00ednio n\u00e3o s\u00f3 nas \u00e1reas cognitivas como tamb\u00e9m nas \u00e1reas relacionais e atitudinais. \u00c9 partilhando a massinha de modelar que nossas crian\u00e7as aprendem no\u00e7\u00f5es de respeito, solidariedade e amor ao pr\u00f3ximo. \u00c9 a partir das s\u00e1bias interven\u00e7\u00f5es da professora em momentos de conflitos, que nossas crian\u00e7as aprendem a avaliar atitudes, a desculpar e a pedir desculpas.<\/p>\n<p>Sabemos que os pais que nos procuram conhecem a qualidade e a seriedade do trabalho, confiam em nossas professoras e equipe gestora e em nosso aprendizado ao longo de uma grande caminhada na educa\u00e7\u00e3o.<\/p>\n<p>Nossa pr\u00e1tica pedag\u00f3gica \u00e9 feita ouvindo cr\u00edticas e sugest\u00f5es, trazendo sempre profissionais para qualifica\u00e7\u00e3o da nossa equipe, realizando viagens, estudos e reuni\u00f5es durante todo o per\u00edodo letivo. Al\u00e9m disso, o carinho, aten\u00e7\u00e3o, zelo e cuidado fazem parte do nosso cotidiano escolar, assim como o afeto rec\u00edproco entre alunos e equipe. N\u00e3o entendemos afeto como simplesmente beijinhos, mas sim no verdadeiro sentido da palavra afetar, que est\u00e1 ligada ao ato de fazer algo por algu\u00e9m, de contribuir por meio da a\u00e7\u00e3o.<\/p>\n<p>Por isso, neste in\u00edcio de aulas em que papai e mam\u00e3e est\u00e3o com as primeiras sensa\u00e7\u00f5es do ninho vazio, dizemos sempre: \u201cfiquem tranquilos pois seus filhos est\u00e3o nas m\u00e3os dos melhores profissionais\u201d. Os professores Sepam conduzir\u00e3o, desde o primeiro dia de aulas, a caminhada de mais uma gera\u00e7\u00e3o de sucesso!<\/p>\n<p>&nbsp;<\/p>\n<blockquote><p><em><strong>Katia Gisele Costa<\/strong> \u00e9\u00a0Pedagoga pela Universidade Estadual de Ponta Grossa e Mestre em Educa\u00e7\u00e3o pela Universidade do Minho (Portugal). \u00c9\u00a0 Coordenadora Pedag\u00f3gica \u2013 Educa\u00e7\u00e3o Infantil no Col\u00e9gio Pontagrossense SEPAM, de Ponta Grossa-PR.<\/em><\/p><\/blockquote>\n","protected":false},"featured_media":0,"template":"","class_list":["post-7599","artigos","type-artigos","status-publish","hentry"],"yoast_head":"<!-- This site is optimized with the Yoast SEO plugin v28.4 - https:\/\/yoast.com\/product\/yoast-seo-wordpress\/ -->\n<title>Os primeiros de muitos dias de sucesso - Col\u00e9gio Sepam<\/title>\n<meta name=\"robots\" content=\"index, follow, max-snippet:-1, max-image-preview:large, max-video-preview:-1\" \/>\n<link rel=\"canonical\" href=\"https:\/\/sepam.com.br\/fr\/artigos\/os-primeiros-de-muitos-dias-de-sucesso\/\" \/>\n<meta property=\"og:locale\" content=\"fr_FR\" \/>\n<meta property=\"og:type\" content=\"article\" \/>\n<meta property=\"og:title\" content=\"Os primeiros de muitos dias de sucesso - Col\u00e9gio Sepam\" \/>\n<meta property=\"og:description\" content=\"Por Katia Gisele Costa Levando em considera\u00e7\u00e3o que \u00e9 na primeira inf\u00e2ncia (dos zero aos 6 anos) que a crian\u00e7a desenvolve habilidades mentais necess\u00e1rias para o enfrentamento de obst\u00e1culos, e sabendo tamb\u00e9m que \u00e9 depois dos seis que ela os consolida, o Sepam abre as portas no in\u00edcio de cada ano letivo com uma equipe [&hellip;]\" \/>\n<meta property=\"og:url\" content=\"https:\/\/sepam.com.br\/fr\/artigos\/os-primeiros-de-muitos-dias-de-sucesso\/\" \/>\n<meta property=\"og:site_name\" content=\"Col\u00e9gio Sepam\" \/>\n<meta property=\"article:modified_time\" content=\"2026-02-11T14:00:56+00:00\" \/>\n<meta name=\"twitter:card\" content=\"summary_large_image\" \/>\n<meta name=\"twitter:label1\" content=\"Dur\u00e9e de lecture estim\u00e9e\" \/>\n\t<meta name=\"twitter:data1\" content=\"2 minutes\" \/>\n<script type=\"application\/ld+json\" class=\"yoast-schema-graph\">{\"@context\":\"https:\\\/\\\/schema.org\",\"@graph\":[{\"@type\":\"WebPage\",\"@id\":\"https:\\\/\\\/sepam.com.br\\\/fr\\\/artigos\\\/os-primeiros-de-muitos-dias-de-sucesso\\\/\",\"url\":\"https:\\\/\\\/sepam.com.br\\\/fr\\\/artigos\\\/os-primeiros-de-muitos-dias-de-sucesso\\\/\",\"name\":\"Os primeiros de muitos dias de sucesso - Col\u00e9gio Sepam\",\"isPartOf\":{\"@id\":\"https:\\\/\\\/sepam.com.br\\\/#website\"},\"datePublished\":\"2025-09-09T23:37:30+00:00\",\"dateModified\":\"2026-02-11T14:00:56+00:00\",\"breadcrumb\":{\"@id\":\"https:\\\/\\\/sepam.com.br\\\/fr\\\/artigos\\\/os-primeiros-de-muitos-dias-de-sucesso\\\/#breadcrumb\"},\"inLanguage\":\"fr-FR\",\"potentialAction\":[{\"@type\":\"ReadAction\",\"target\":[\"https:\\\/\\\/sepam.com.br\\\/fr\\\/artigos\\\/os-primeiros-de-muitos-dias-de-sucesso\\\/\"]}]},{\"@type\":\"BreadcrumbList\",\"@id\":\"https:\\\/\\\/sepam.com.br\\\/fr\\\/artigos\\\/os-primeiros-de-muitos-dias-de-sucesso\\\/#breadcrumb\",\"itemListElement\":[{\"@type\":\"ListItem\",\"position\":1,\"name\":\"Boas Vindas\",\"item\":\"https:\\\/\\\/sepam.com.br\\\/\"},{\"@type\":\"ListItem\",\"position\":2,\"name\":\"Os primeiros de muitos dias de sucesso\"}]},{\"@type\":\"WebSite\",\"@id\":\"https:\\\/\\\/sepam.com.br\\\/fr\\\/#website\",\"url\":\"https:\\\/\\\/sepam.com.br\\\/fr\\\/\",\"name\":\"Col\u00e9gio Sepam\",\"description\":\"Ensino Incompar\u00e1vel\",\"publisher\":{\"@id\":\"https:\\\/\\\/sepam.com.br\\\/fr\\\/#organization\"},\"potentialAction\":[{\"@type\":\"SearchAction\",\"target\":{\"@type\":\"EntryPoint\",\"urlTemplate\":\"https:\\\/\\\/sepam.com.br\\\/fr\\\/?s={search_term_string}\"},\"query-input\":{\"@type\":\"PropertyValueSpecification\",\"valueRequired\":true,\"valueName\":\"search_term_string\"}}],\"inLanguage\":\"fr-FR\"},{\"@type\":\"Organization\",\"@id\":\"https:\\\/\\\/sepam.com.br\\\/fr\\\/#organization\",\"name\":\"Col\u00e9gio Sepam\",\"url\":\"https:\\\/\\\/sepam.com.br\\\/fr\\\/\",\"logo\":{\"@type\":\"ImageObject\",\"inLanguage\":\"fr-FR\",\"@id\":\"https:\\\/\\\/sepam.com.br\\\/fr\\\/#\\\/schema\\\/logo\\\/image\\\/\",\"url\":\"https:\\\/\\\/sepam.com.br\\\/wp-content\\\/uploads\\\/2025\\\/02\\\/Ativo-2.png\",\"contentUrl\":\"https:\\\/\\\/sepam.com.br\\\/wp-content\\\/uploads\\\/2025\\\/02\\\/Ativo-2.png\",\"width\":595,\"height\":525,\"caption\":\"Col\u00e9gio Sepam\"},\"image\":{\"@id\":\"https:\\\/\\\/sepam.com.br\\\/fr\\\/#\\\/schema\\\/logo\\\/image\\\/\"}}]}<\/script>\n<!-- \/ Yoast SEO plugin. -->","yoast_head_json":{"title":"Os primeiros de muitos dias de sucesso - Col\u00e9gio Sepam","robots":{"index":"index","follow":"follow","max-snippet":"max-snippet:-1","max-image-preview":"max-image-preview:large","max-video-preview":"max-video-preview:-1"},"canonical":"https:\/\/sepam.com.br\/fr\/artigos\/os-primeiros-de-muitos-dias-de-sucesso\/","og_locale":"fr_FR","og_type":"article","og_title":"Os primeiros de muitos dias de sucesso - Col\u00e9gio Sepam","og_description":"Por Katia Gisele Costa Levando em considera\u00e7\u00e3o que \u00e9 na primeira inf\u00e2ncia (dos zero aos 6 anos) que a crian\u00e7a desenvolve habilidades mentais necess\u00e1rias para o enfrentamento de obst\u00e1culos, e sabendo tamb\u00e9m que \u00e9 depois dos seis que ela os consolida, o Sepam abre as portas no in\u00edcio de cada ano letivo com uma equipe [&hellip;]","og_url":"https:\/\/sepam.com.br\/fr\/artigos\/os-primeiros-de-muitos-dias-de-sucesso\/","og_site_name":"Col\u00e9gio Sepam","article_modified_time":"2026-02-11T14:00:56+00:00","twitter_card":"summary_large_image","twitter_misc":{"Dur\u00e9e de lecture estim\u00e9e":"2 minutes"},"schema":{"@context":"https:\/\/schema.org","@graph":[{"@type":"WebPage","@id":"https:\/\/sepam.com.br\/fr\/artigos\/os-primeiros-de-muitos-dias-de-sucesso\/","url":"https:\/\/sepam.com.br\/fr\/artigos\/os-primeiros-de-muitos-dias-de-sucesso\/","name":"Os primeiros de muitos dias de sucesso - Col\u00e9gio Sepam","isPartOf":{"@id":"https:\/\/sepam.com.br\/#website"},"datePublished":"2025-09-09T23:37:30+00:00","dateModified":"2026-02-11T14:00:56+00:00","breadcrumb":{"@id":"https:\/\/sepam.com.br\/fr\/artigos\/os-primeiros-de-muitos-dias-de-sucesso\/#breadcrumb"},"inLanguage":"fr-FR","potentialAction":[{"@type":"ReadAction","target":["https:\/\/sepam.com.br\/fr\/artigos\/os-primeiros-de-muitos-dias-de-sucesso\/"]}]},{"@type":"BreadcrumbList","@id":"https:\/\/sepam.com.br\/fr\/artigos\/os-primeiros-de-muitos-dias-de-sucesso\/#breadcrumb","itemListElement":[{"@type":"ListItem","position":1,"name":"Boas Vindas","item":"https:\/\/sepam.com.br\/"},{"@type":"ListItem","position":2,"name":"Os primeiros de muitos dias de sucesso"}]},{"@type":"WebSite","@id":"https:\/\/sepam.com.br\/fr\/#website","url":"https:\/\/sepam.com.br\/fr\/","name":"Col\u00e9gio Sepam","description":"Ensino Incompar\u00e1vel","publisher":{"@id":"https:\/\/sepam.com.br\/fr\/#organization"},"potentialAction":[{"@type":"SearchAction","target":{"@type":"EntryPoint","urlTemplate":"https:\/\/sepam.com.br\/fr\/?s={search_term_string}"},"query-input":{"@type":"PropertyValueSpecification","valueRequired":true,"valueName":"search_term_string"}}],"inLanguage":"fr-FR"},{"@type":"Organization","@id":"https:\/\/sepam.com.br\/fr\/#organization","name":"Col\u00e9gio Sepam","url":"https:\/\/sepam.com.br\/fr\/","logo":{"@type":"ImageObject","inLanguage":"fr-FR","@id":"https:\/\/sepam.com.br\/fr\/#\/schema\/logo\/image\/","url":"https:\/\/sepam.com.br\/wp-content\/uploads\/2025\/02\/Ativo-2.png","contentUrl":"https:\/\/sepam.com.br\/wp-content\/uploads\/2025\/02\/Ativo-2.png","width":595,"height":525,"caption":"Col\u00e9gio Sepam"},"image":{"@id":"https:\/\/sepam.com.br\/fr\/#\/schema\/logo\/image\/"}}]}},"_links":{"self":[{"href":"https:\/\/sepam.com.br\/fr\/wp-json\/wp\/v2\/artigos\/7599","targetHints":{"allow":["GET"]}}],"collection":[{"href":"https:\/\/sepam.com.br\/fr\/wp-json\/wp\/v2\/artigos"}],"about":[{"href":"https:\/\/sepam.com.br\/fr\/wp-json\/wp\/v2\/types\/artigos"}],"wp:attachment":[{"href":"https:\/\/sepam.com.br\/fr\/wp-json\/wp\/v2\/media?parent=7599"}],"curies":[{"name":"wp","href":"https:\/\/api.w.org\/{rel}","templated":true}]}}

<p><em>Por Katia Gisele Costa</em></p>
<p>Levando em consideração que é na primeira infância (dos zero aos 6 anos) que a criança desenvolve habilidades mentais necessárias para o enfrentamento de obstáculos, e sabendo também que é depois dos seis que ela os consolida, o Sepam abre as portas no início de cada ano letivo com uma equipe atualizada, bem preparada e articulada para atender com competência e singularidade às necessidades de cada criança.</p>
<p>O choro é comum em algumas crianças nos primeiros dias e, quase na mesma medida, mães choram para fora da grande porta envidraçada do colégio, por isso, deixamos aqui registrado que cada criança, é para nós, única e exclusiva. Todas são tratadas com o maior carinho e respeito, levando em consideração o tempo e ritmo de cada pequeno aluno.</p>
<p>A transparência do trabalho realizado ao longo de 78 anos e o cultivo do bom relacionamento entre pais, professores e gestores tem feito com que nossa proposta pedagógica – alicerçada na ideia convicta de formação humana – nos confirme a cada ano, que estamos no caminho certo. Numa fusão entre brincar e aprender,  nossos alunos demonstram domínio não só nas áreas cognitivas como também nas áreas relacionais e atitudinais. É partilhando a massinha de modelar que nossas crianças aprendem noções de respeito, solidariedade e amor ao próximo. É a partir das sábias intervenções da professora em momentos de conflitos, que nossas crianças aprendem a avaliar atitudes, a desculpar e a pedir desculpas.</p>
<p>Sabemos que os pais que nos procuram conhecem a qualidade e a seriedade do trabalho, confiam em nossas professoras e equipe gestora e em nosso aprendizado ao longo de uma grande caminhada na educação.</p>
<p>Nossa prática pedagógica é feita ouvindo críticas e sugestões, trazendo sempre profissionais para qualificação da nossa equipe, realizando viagens, estudos e reuniões durante todo o período letivo. Além disso, o carinho, atenção, zelo e cuidado fazem parte do nosso cotidiano escolar, assim como o afeto recíproco entre alunos e equipe. Não entendemos afeto como simplesmente beijinhos, mas sim no verdadeiro sentido da palavra afetar, que está ligada ao ato de fazer algo por alguém, de contribuir por meio da ação.</p>
<p>Por isso, neste início de aulas em que papai e mamãe estão com as primeiras sensações do ninho vazio, dizemos sempre: “fiquem tranquilos pois seus filhos estão nas mãos dos melhores profissionais”. Os professores Sepam conduzirão, desde o primeiro dia de aulas, a caminhada de mais uma geração de sucesso!</p>
<p>&nbsp;</p>
<blockquote><p><em><strong>Katia Gisele Costa</strong> é Pedagoga pela Universidade Estadual de Ponta Grossa e Mestre em Educação pela Universidade do Minho (Portugal). É  Coordenadora Pedagógica – Educação Infantil no Colégio Pontagrossense SEPAM, de Ponta Grossa-PR.</em></p></blockquote>

<!-- This site is optimized with the Yoast SEO plugin v28.4 - https://yoast.com/product/yoast-seo-wordpress/ -->
<title>Os primeiros de muitos dias de sucesso - Colégio Sepam</title>
<meta name="robots" content="index, follow, max-snippet:-1, max-image-preview:large, max-video-preview:-1" />
<link rel="canonical" href="https://sepam.com.br/fr/artigos/os-primeiros-de-muitos-dias-de-sucesso/" />
<meta property="og:locale" content="fr_FR" />
<meta property="og:type" content="article" />
<meta property="og:title" content="Os primeiros de muitos dias de sucesso - Colégio Sepam" />
<meta property="og:description" content="Por Katia Gisele Costa Levando em consideração que é na primeira infância (dos zero aos 6 anos) que a criança desenvolve habilidades mentais necessárias para o enfrentamento de obstáculos, e sabendo também que é depois dos seis que ela os consolida, o Sepam abre as portas no início de cada ano letivo com uma equipe [&hellip;]" />
<meta property="og:url" content="https://sepam.com.br/fr/artigos/os-primeiros-de-muitos-dias-de-sucesso/" />
<meta property="og:site_name" content="Colégio Sepam" />
<meta property="article:modified_time" content="2026-02-11T14:00:56+00:00" />
<meta name="twitter:card" content="summary_large_image" />
<meta name="twitter:label1" content="Durée de lecture estimée" />
	<meta name="twitter:data1" content="2 minutes" />
<script type="application/ld+json" class="yoast-schema-graph">{"@context":"https:\/\/schema.org","@graph":[{"@type":"WebPage","@id":"https:\/\/sepam.com.br\/fr\/artigos\/os-primeiros-de-muitos-dias-de-sucesso\/","url":"https:\/\/sepam.com.br\/fr\/artigos\/os-primeiros-de-muitos-dias-de-sucesso\/","name":"Os primeiros de muitos dias de sucesso - Colégio Sepam","isPartOf":{"@id":"https:\/\/sepam.com.br\/#website"},"datePublished":"2025-09-09T23:37:30+00:00","dateModified":"2026-02-11T14:00:56+00:00","breadcrumb":{"@id":"https:\/\/sepam.com.br\/fr\/artigos\/os-primeiros-de-muitos-dias-de-sucesso\/#breadcrumb"},"inLanguage":"fr-FR","potentialAction":[{"@type":"ReadAction","target":["https:\/\/sepam.com.br\/fr\/artigos\/os-primeiros-de-muitos-dias-de-sucesso\/"]}]},{"@type":"BreadcrumbList","@id":"https:\/\/sepam.com.br\/fr\/artigos\/os-primeiros-de-muitos-dias-de-sucesso\/#breadcrumb","itemListElement":[{"@type":"ListItem","position":1,"name":"Boas Vindas","item":"https:\/\/sepam.com.br\/"},{"@type":"ListItem","position":2,"name":"Os primeiros de muitos dias de sucesso"}]},{"@type":"WebSite","@id":"https:\/\/sepam.com.br\/fr\/#website","url":"https:\/\/sepam.com.br\/fr\/","name":"Colégio Sepam","description":"Ensino Incomparável","publisher":{"@id":"https:\/\/sepam.com.br\/fr\/#organization"},"potentialAction":[{"@type":"SearchAction","target":{"@type":"EntryPoint","urlTemplate":"https:\/\/sepam.com.br\/fr\/?s={search_term_string}"},"query-input":{"@type":"PropertyValueSpecification","valueRequired":true,"valueName":"search_term_string"}}],"inLanguage":"fr-FR"},{"@type":"Organization","@id":"https:\/\/sepam.com.br\/fr\/#organization","name":"Colégio Sepam","url":"https:\/\/sepam.com.br\/fr\/","logo":{"@type":"ImageObject","inLanguage":"fr-FR","@id":"https:\/\/sepam.com.br\/fr\/#\/schema\/logo\/image\/","url":"https:\/\/sepam.com.br\/wp-content\/uploads\/2025\/02\/Ativo-2.png","contentUrl":"https:\/\/sepam.com.br\/wp-content\/uploads\/2025\/02\/Ativo-2.png","width":595,"height":525,"caption":"Colégio Sepam"},"image":{"@id":"https:\/\/sepam.com.br\/fr\/#\/schema\/logo\/image\/"}}]}</script>
<!-- / Yoast SEO plugin. -->

Os primeiros de muitos dias de sucesso - Colégio Sepam

Por Katia Gisele Costa Levando em consideração que é na primeira infância (dos zero aos 6 anos) que a criança desenvolve habilidades mentais necessárias para o enfrentamento de obstáculos, e sabendo também que é depois dos seis que ela os consolida, o Sepam abre as portas no início de cada ano letivo com uma equipe [&hellip;]

Colégio Sepam

Ensino Incomparável
