{"id":7590,"date":"2025-09-09T20:37:30","date_gmt":"2025-09-09T23:37:30","guid":{"rendered":"https:\/\/dev.alisonandrei.com.br\/artigos\/com-quantos-anos-voce-aprendeu-a-amarrar-os-seus-cadarcos\/"},"modified":"2026-02-11T11:00:56","modified_gmt":"2026-02-11T14:00:56","slug":"com-quantos-anos-voce-aprendeu-a-amarrar-os-seus-cadarcos","status":"publish","type":"artigos","link":"https:\/\/sepam.com.br\/fr\/artigos\/com-quantos-anos-voce-aprendeu-a-amarrar-os-seus-cadarcos\/","title":{"rendered":"Com quantos anos voc\u00ea aprendeu a amarrar os seus cadar\u00e7os?"},"content":{"rendered":"<p><em>Por Katia Gisele Costa<\/em><\/p>\n<p>Num domingo desses, me dediquei a uma pilha de revistas sobre educa\u00e7\u00e3o que eu tenho levado de um lado para o outro, na esperan\u00e7a de conseguir tempo para fazer leituras reflexivas, naquele dia consegui! Apesar de gostar da facilidade e utilizar muito as TICs, ainda sou f\u00e3 e adepta da boa revista!<\/p>\n<p>Entre os muitos artigos que li naquele domingo, temas como os desafios do professor atual, as regras do ENEM, a Crise que chegou na escola, a vis\u00edvel obesidade curricular, entre outros, um tema em especial, me chamou aten\u00e7\u00e3o. O texto de uma p\u00e1gina, intitulado: AUTONOMIA, foi escrito por uma professora mineira que lembrou, e muito bem, a rela\u00e7\u00e3o existente entre a habilidade para amarrar os cadar\u00e7os do t\u00eanis e o in\u00edcio da alfabetiza\u00e7\u00e3o escolar e \u00e9 nesse tema que pego o gancho da professora mineira e tento trazer uma reflex\u00e3o.<\/p>\n<p>Te\u00f3rica e historicamente, ambos os processos de aquisi\u00e7\u00e3o acontecem na crian\u00e7a justamente na fase da Educa\u00e7\u00e3o Infantil. Poder\u00edamos come\u00e7ar analisando o cadar\u00e7o. As professoras podem contar nas suas salas de aula, quantas crian\u00e7as levam nos p\u00e9s t\u00eanis com cadar\u00e7o, e aqui eu lan\u00e7o uma quest\u00e3o: Seria a ind\u00fastria de cal\u00e7ados fam\u00edlias para ensinar seus filhos a amarrem os cadar\u00e7os; ou seriam as fam\u00edlias que adquiriram t\u00eanis com velcro porque aproveitaram-se do facilitismo trazido pelas ind\u00fastrias de cal\u00e7ados? Ora, como a pol\u00edtica da culpabiliza\u00e7\u00e3o n\u00e3o gera resultado nenhum, n\u00e3o vale a pena estar aqui perdendo tempo com discuss\u00f5es infrut\u00edferas, portanto, vamos pensar na pr\u00e1tica di\u00e1ria da Educa\u00e7\u00e3o Infantil.<\/p>\n<p>Autonomia, termo que significa a capacidade de governar-se pelos pr\u00f3prios meios, ao contr\u00e1rio do que se pensa, n\u00e3o \u00e9 uma caracter\u00edstica a ser adquirida ao longo da vida, pois a autonomia nasce conosco; ela \u00e9 sim, uma carater\u00edstica a ser desenvolvida e praticada. O exerc\u00edcio da autonomia acontece a partir de estrat\u00e9gias e meios proporcionados por pessoas mais experientes, nesse caso, os adultos que convivem com a crian\u00e7a (aquela crian\u00e7a que hoje n\u00e3o tem tido a oportunidade de aprender a amarrar os cadar\u00e7os do seu t\u00eanis), mas porque fazer esta analogia?<\/p>\n<p>Se pensarmos que para amarrar os cadar\u00e7os a crian\u00e7a j\u00e1 deve ter desenvolvido conceitos de tomada de decis\u00e3o (para perceber que \u00e9 preciso parar o que est\u00e1 fazendo para amarrar os cadar\u00e7os), senso de responsabilidade (para pensar que \u00e9 perigoso andar com os cadar\u00e7os desamarrados) e habilidade motora (para unir os dois cord\u00f5es fazendo uma orelha de coelhinho passar por dentro da outra e apertar), \u00e9 porque possivelmente ela tamb\u00e9m encontra-se num momento cognitivo prop\u00edcio para a alfabetiza\u00e7\u00e3o. Apesar desta propens\u00e3o n\u00e3o ser uma regra, pode ser sim, um indicativo, uma pista, j\u00e1 que a professora da Educa\u00e7\u00e3o Infantil \u00e9 um radar, portanto, vive de pistas!<\/p>\n<p>Para concluir de forma construtiva, deixo por hora, aos pais e professores, e me incluo neste universo, o convite \u00e0 uma reflex\u00e3o. At\u00e9 que ponto n\u00f3s podemos contribuir de maneira informal para o exerc\u00edcio da autonomia das nossas crian\u00e7as, sem deixarmos esta responsabilidade totalmente ao profissional da Educa\u00e7\u00e3o Infantil? Eu permito que a minha crian\u00e7a v\u00e1 ao banheiro sozinha? Quantas vezes eu j\u00e1 deixei meu filho preparar sozinho o p\u00e3o que ele come no caf\u00e9 da manh\u00e3? Eu tenho permitido que o meu filho dobre seu pijama ao acordar? Ser\u00e1 que eu tenho deixado meu filho responder sozinho \u00e0s perguntas que os outros adultos fazem para ele? E por fim, quantas vezes eu tenho proporcionado ao meu filho ou ao meu aluno momentos desafiadores como amarrar os cadar\u00e7os por exemplo?<\/p>\n<p>A partir disso tudo, eu lan\u00e7o a minha meta da semana: ensinar a minha filha de 5 anos a amarrar os cadar\u00e7os do seu t\u00eanis!<\/p>\n<blockquote><p><em><strong>Katia Gisele Costa<\/strong> \u00e9\u00a0Pedagoga pela Universidade Estadual de Ponta Grossa e Mestre em Educa\u00e7\u00e3o pela Universidade do Minho (Portugal). \u00c9\u00a0 Coordenadora Pedag\u00f3gica \u2013 Educa\u00e7\u00e3o Infantil no Col\u00e9gio Pontagrossense SEPAM, de Ponta Grossa-PR.<\/em><\/p><\/blockquote>\n","protected":false},"featured_media":0,"template":"","class_list":["post-7590","artigos","type-artigos","status-publish","hentry"],"yoast_head":"<!-- This site is optimized with the Yoast SEO plugin v28.4 - https:\/\/yoast.com\/product\/yoast-seo-wordpress\/ -->\n<title>Com quantos anos voc\u00ea aprendeu a amarrar os seus cadar\u00e7os? - Col\u00e9gio Sepam<\/title>\n<meta name=\"robots\" content=\"index, follow, max-snippet:-1, max-image-preview:large, max-video-preview:-1\" \/>\n<link rel=\"canonical\" href=\"https:\/\/sepam.com.br\/fr\/artigos\/com-quantos-anos-voce-aprendeu-a-amarrar-os-seus-cadarcos\/\" \/>\n<meta property=\"og:locale\" content=\"fr_FR\" \/>\n<meta property=\"og:type\" content=\"article\" \/>\n<meta property=\"og:title\" content=\"Com quantos anos voc\u00ea aprendeu a amarrar os seus cadar\u00e7os? - Col\u00e9gio Sepam\" \/>\n<meta property=\"og:description\" content=\"Por Katia Gisele Costa Num domingo desses, me dediquei a uma pilha de revistas sobre educa\u00e7\u00e3o que eu tenho levado de um lado para o outro, na esperan\u00e7a de conseguir tempo para fazer leituras reflexivas, naquele dia consegui! Apesar de gostar da facilidade e utilizar muito as TICs, ainda sou f\u00e3 e adepta da boa [&hellip;]\" \/>\n<meta property=\"og:url\" content=\"https:\/\/sepam.com.br\/fr\/artigos\/com-quantos-anos-voce-aprendeu-a-amarrar-os-seus-cadarcos\/\" \/>\n<meta property=\"og:site_name\" content=\"Col\u00e9gio Sepam\" \/>\n<meta property=\"article:modified_time\" content=\"2026-02-11T14:00:56+00:00\" \/>\n<meta name=\"twitter:card\" content=\"summary_large_image\" \/>\n<meta name=\"twitter:label1\" content=\"Dur\u00e9e de lecture estim\u00e9e\" \/>\n\t<meta name=\"twitter:data1\" content=\"4 minutes\" \/>\n<script type=\"application\/ld+json\" class=\"yoast-schema-graph\">{\"@context\":\"https:\\\/\\\/schema.org\",\"@graph\":[{\"@type\":\"WebPage\",\"@id\":\"https:\\\/\\\/sepam.com.br\\\/fr\\\/artigos\\\/com-quantos-anos-voce-aprendeu-a-amarrar-os-seus-cadarcos\\\/\",\"url\":\"https:\\\/\\\/sepam.com.br\\\/fr\\\/artigos\\\/com-quantos-anos-voce-aprendeu-a-amarrar-os-seus-cadarcos\\\/\",\"name\":\"Com quantos anos voc\u00ea aprendeu a amarrar os seus cadar\u00e7os? - Col\u00e9gio Sepam\",\"isPartOf\":{\"@id\":\"https:\\\/\\\/sepam.com.br\\\/#website\"},\"datePublished\":\"2025-09-09T23:37:30+00:00\",\"dateModified\":\"2026-02-11T14:00:56+00:00\",\"breadcrumb\":{\"@id\":\"https:\\\/\\\/sepam.com.br\\\/fr\\\/artigos\\\/com-quantos-anos-voce-aprendeu-a-amarrar-os-seus-cadarcos\\\/#breadcrumb\"},\"inLanguage\":\"fr-FR\",\"potentialAction\":[{\"@type\":\"ReadAction\",\"target\":[\"https:\\\/\\\/sepam.com.br\\\/fr\\\/artigos\\\/com-quantos-anos-voce-aprendeu-a-amarrar-os-seus-cadarcos\\\/\"]}]},{\"@type\":\"BreadcrumbList\",\"@id\":\"https:\\\/\\\/sepam.com.br\\\/fr\\\/artigos\\\/com-quantos-anos-voce-aprendeu-a-amarrar-os-seus-cadarcos\\\/#breadcrumb\",\"itemListElement\":[{\"@type\":\"ListItem\",\"position\":1,\"name\":\"Boas Vindas\",\"item\":\"https:\\\/\\\/sepam.com.br\\\/\"},{\"@type\":\"ListItem\",\"position\":2,\"name\":\"Com quantos anos voc\u00ea aprendeu a amarrar os seus cadar\u00e7os?\"}]},{\"@type\":\"WebSite\",\"@id\":\"https:\\\/\\\/sepam.com.br\\\/fr\\\/#website\",\"url\":\"https:\\\/\\\/sepam.com.br\\\/fr\\\/\",\"name\":\"Col\u00e9gio Sepam\",\"description\":\"Ensino Incompar\u00e1vel\",\"publisher\":{\"@id\":\"https:\\\/\\\/sepam.com.br\\\/fr\\\/#organization\"},\"potentialAction\":[{\"@type\":\"SearchAction\",\"target\":{\"@type\":\"EntryPoint\",\"urlTemplate\":\"https:\\\/\\\/sepam.com.br\\\/fr\\\/?s={search_term_string}\"},\"query-input\":{\"@type\":\"PropertyValueSpecification\",\"valueRequired\":true,\"valueName\":\"search_term_string\"}}],\"inLanguage\":\"fr-FR\"},{\"@type\":\"Organization\",\"@id\":\"https:\\\/\\\/sepam.com.br\\\/fr\\\/#organization\",\"name\":\"Col\u00e9gio Sepam\",\"url\":\"https:\\\/\\\/sepam.com.br\\\/fr\\\/\",\"logo\":{\"@type\":\"ImageObject\",\"inLanguage\":\"fr-FR\",\"@id\":\"https:\\\/\\\/sepam.com.br\\\/fr\\\/#\\\/schema\\\/logo\\\/image\\\/\",\"url\":\"https:\\\/\\\/sepam.com.br\\\/wp-content\\\/uploads\\\/2025\\\/02\\\/Ativo-2.png\",\"contentUrl\":\"https:\\\/\\\/sepam.com.br\\\/wp-content\\\/uploads\\\/2025\\\/02\\\/Ativo-2.png\",\"width\":595,\"height\":525,\"caption\":\"Col\u00e9gio Sepam\"},\"image\":{\"@id\":\"https:\\\/\\\/sepam.com.br\\\/fr\\\/#\\\/schema\\\/logo\\\/image\\\/\"}}]}<\/script>\n<!-- \/ Yoast SEO plugin. -->","yoast_head_json":{"title":"Com quantos anos voc\u00ea aprendeu a amarrar os seus cadar\u00e7os? - Col\u00e9gio Sepam","robots":{"index":"index","follow":"follow","max-snippet":"max-snippet:-1","max-image-preview":"max-image-preview:large","max-video-preview":"max-video-preview:-1"},"canonical":"https:\/\/sepam.com.br\/fr\/artigos\/com-quantos-anos-voce-aprendeu-a-amarrar-os-seus-cadarcos\/","og_locale":"fr_FR","og_type":"article","og_title":"Com quantos anos voc\u00ea aprendeu a amarrar os seus cadar\u00e7os? - Col\u00e9gio Sepam","og_description":"Por Katia Gisele Costa Num domingo desses, me dediquei a uma pilha de revistas sobre educa\u00e7\u00e3o que eu tenho levado de um lado para o outro, na esperan\u00e7a de conseguir tempo para fazer leituras reflexivas, naquele dia consegui! Apesar de gostar da facilidade e utilizar muito as TICs, ainda sou f\u00e3 e adepta da boa [&hellip;]","og_url":"https:\/\/sepam.com.br\/fr\/artigos\/com-quantos-anos-voce-aprendeu-a-amarrar-os-seus-cadarcos\/","og_site_name":"Col\u00e9gio Sepam","article_modified_time":"2026-02-11T14:00:56+00:00","twitter_card":"summary_large_image","twitter_misc":{"Dur\u00e9e de lecture estim\u00e9e":"4 minutes"},"schema":{"@context":"https:\/\/schema.org","@graph":[{"@type":"WebPage","@id":"https:\/\/sepam.com.br\/fr\/artigos\/com-quantos-anos-voce-aprendeu-a-amarrar-os-seus-cadarcos\/","url":"https:\/\/sepam.com.br\/fr\/artigos\/com-quantos-anos-voce-aprendeu-a-amarrar-os-seus-cadarcos\/","name":"Com quantos anos voc\u00ea aprendeu a amarrar os seus cadar\u00e7os? - Col\u00e9gio Sepam","isPartOf":{"@id":"https:\/\/sepam.com.br\/#website"},"datePublished":"2025-09-09T23:37:30+00:00","dateModified":"2026-02-11T14:00:56+00:00","breadcrumb":{"@id":"https:\/\/sepam.com.br\/fr\/artigos\/com-quantos-anos-voce-aprendeu-a-amarrar-os-seus-cadarcos\/#breadcrumb"},"inLanguage":"fr-FR","potentialAction":[{"@type":"ReadAction","target":["https:\/\/sepam.com.br\/fr\/artigos\/com-quantos-anos-voce-aprendeu-a-amarrar-os-seus-cadarcos\/"]}]},{"@type":"BreadcrumbList","@id":"https:\/\/sepam.com.br\/fr\/artigos\/com-quantos-anos-voce-aprendeu-a-amarrar-os-seus-cadarcos\/#breadcrumb","itemListElement":[{"@type":"ListItem","position":1,"name":"Boas Vindas","item":"https:\/\/sepam.com.br\/"},{"@type":"ListItem","position":2,"name":"Com quantos anos voc\u00ea aprendeu a amarrar os seus cadar\u00e7os?"}]},{"@type":"WebSite","@id":"https:\/\/sepam.com.br\/fr\/#website","url":"https:\/\/sepam.com.br\/fr\/","name":"Col\u00e9gio Sepam","description":"Ensino Incompar\u00e1vel","publisher":{"@id":"https:\/\/sepam.com.br\/fr\/#organization"},"potentialAction":[{"@type":"SearchAction","target":{"@type":"EntryPoint","urlTemplate":"https:\/\/sepam.com.br\/fr\/?s={search_term_string}"},"query-input":{"@type":"PropertyValueSpecification","valueRequired":true,"valueName":"search_term_string"}}],"inLanguage":"fr-FR"},{"@type":"Organization","@id":"https:\/\/sepam.com.br\/fr\/#organization","name":"Col\u00e9gio Sepam","url":"https:\/\/sepam.com.br\/fr\/","logo":{"@type":"ImageObject","inLanguage":"fr-FR","@id":"https:\/\/sepam.com.br\/fr\/#\/schema\/logo\/image\/","url":"https:\/\/sepam.com.br\/wp-content\/uploads\/2025\/02\/Ativo-2.png","contentUrl":"https:\/\/sepam.com.br\/wp-content\/uploads\/2025\/02\/Ativo-2.png","width":595,"height":525,"caption":"Col\u00e9gio Sepam"},"image":{"@id":"https:\/\/sepam.com.br\/fr\/#\/schema\/logo\/image\/"}}]}},"_links":{"self":[{"href":"https:\/\/sepam.com.br\/fr\/wp-json\/wp\/v2\/artigos\/7590","targetHints":{"allow":["GET"]}}],"collection":[{"href":"https:\/\/sepam.com.br\/fr\/wp-json\/wp\/v2\/artigos"}],"about":[{"href":"https:\/\/sepam.com.br\/fr\/wp-json\/wp\/v2\/types\/artigos"}],"wp:attachment":[{"href":"https:\/\/sepam.com.br\/fr\/wp-json\/wp\/v2\/media?parent=7590"}],"curies":[{"name":"wp","href":"https:\/\/api.w.org\/{rel}","templated":true}]}}

Com quantos anos você aprendeu a amarrar os seus cadarços?

<p><em>Por Katia Gisele Costa</em></p>
<p>Num domingo desses, me dediquei a uma pilha de revistas sobre educação que eu tenho levado de um lado para o outro, na esperança de conseguir tempo para fazer leituras reflexivas, naquele dia consegui! Apesar de gostar da facilidade e utilizar muito as TICs, ainda sou fã e adepta da boa revista!</p>
<p>Entre os muitos artigos que li naquele domingo, temas como os desafios do professor atual, as regras do ENEM, a Crise que chegou na escola, a visível obesidade curricular, entre outros, um tema em especial, me chamou atenção. O texto de uma página, intitulado: AUTONOMIA, foi escrito por uma professora mineira que lembrou, e muito bem, a relação existente entre a habilidade para amarrar os cadarços do tênis e o início da alfabetização escolar e é nesse tema que pego o gancho da professora mineira e tento trazer uma reflexão.</p>
<p>Teórica e historicamente, ambos os processos de aquisição acontecem na criança justamente na fase da Educação Infantil. Poderíamos começar analisando o cadarço. As professoras podem contar nas suas salas de aula, quantas crianças levam nos pés tênis com cadarço, e aqui eu lanço uma questão: Seria a indústria de calçados famílias para ensinar seus filhos a amarrem os cadarços; ou seriam as famílias que adquiriram tênis com velcro porque aproveitaram-se do facilitismo trazido pelas indústrias de calçados? Ora, como a política da culpabilização não gera resultado nenhum, não vale a pena estar aqui perdendo tempo com discussões infrutíferas, portanto, vamos pensar na prática diária da Educação Infantil.</p>
<p>Autonomia, termo que significa a capacidade de governar-se pelos próprios meios, ao contrário do que se pensa, não é uma característica a ser adquirida ao longo da vida, pois a autonomia nasce conosco; ela é sim, uma caraterística a ser desenvolvida e praticada. O exercício da autonomia acontece a partir de estratégias e meios proporcionados por pessoas mais experientes, nesse caso, os adultos que convivem com a criança (aquela criança que hoje não tem tido a oportunidade de aprender a amarrar os cadarços do seu tênis), mas porque fazer esta analogia?</p>
<p>Se pensarmos que para amarrar os cadarços a criança já deve ter desenvolvido conceitos de tomada de decisão (para perceber que é preciso parar o que está fazendo para amarrar os cadarços), senso de responsabilidade (para pensar que é perigoso andar com os cadarços desamarrados) e habilidade motora (para unir os dois cordões fazendo uma orelha de coelhinho passar por dentro da outra e apertar), é porque possivelmente ela também encontra-se num momento cognitivo propício para a alfabetização. Apesar desta propensão não ser uma regra, pode ser sim, um indicativo, uma pista, já que a professora da Educação Infantil é um radar, portanto, vive de pistas!</p>
<p>Para concluir de forma construtiva, deixo por hora, aos pais e professores, e me incluo neste universo, o convite à uma reflexão. Até que ponto nós podemos contribuir de maneira informal para o exercício da autonomia das nossas crianças, sem deixarmos esta responsabilidade totalmente ao profissional da Educação Infantil? Eu permito que a minha criança vá ao banheiro sozinha? Quantas vezes eu já deixei meu filho preparar sozinho o pão que ele come no café da manhã? Eu tenho permitido que o meu filho dobre seu pijama ao acordar? Será que eu tenho deixado meu filho responder sozinho às perguntas que os outros adultos fazem para ele? E por fim, quantas vezes eu tenho proporcionado ao meu filho ou ao meu aluno momentos desafiadores como amarrar os cadarços por exemplo?</p>
<p>A partir disso tudo, eu lanço a minha meta da semana: ensinar a minha filha de 5 anos a amarrar os cadarços do seu tênis!</p>
<blockquote><p><em><strong>Katia Gisele Costa</strong> é Pedagoga pela Universidade Estadual de Ponta Grossa e Mestre em Educação pela Universidade do Minho (Portugal). É  Coordenadora Pedagógica – Educação Infantil no Colégio Pontagrossense SEPAM, de Ponta Grossa-PR.</em></p></blockquote>

<!-- This site is optimized with the Yoast SEO plugin v28.4 - https://yoast.com/product/yoast-seo-wordpress/ -->
<title>Com quantos anos você aprendeu a amarrar os seus cadarços? - Colégio Sepam</title>
<meta name="robots" content="index, follow, max-snippet:-1, max-image-preview:large, max-video-preview:-1" />
<link rel="canonical" href="https://sepam.com.br/fr/artigos/com-quantos-anos-voce-aprendeu-a-amarrar-os-seus-cadarcos/" />
<meta property="og:locale" content="fr_FR" />
<meta property="og:type" content="article" />
<meta property="og:title" content="Com quantos anos você aprendeu a amarrar os seus cadarços? - Colégio Sepam" />
<meta property="og:description" content="Por Katia Gisele Costa Num domingo desses, me dediquei a uma pilha de revistas sobre educação que eu tenho levado de um lado para o outro, na esperança de conseguir tempo para fazer leituras reflexivas, naquele dia consegui! Apesar de gostar da facilidade e utilizar muito as TICs, ainda sou fã e adepta da boa [&hellip;]" />
<meta property="og:url" content="https://sepam.com.br/fr/artigos/com-quantos-anos-voce-aprendeu-a-amarrar-os-seus-cadarcos/" />
<meta property="og:site_name" content="Colégio Sepam" />
<meta property="article:modified_time" content="2026-02-11T14:00:56+00:00" />
<meta name="twitter:card" content="summary_large_image" />
<meta name="twitter:label1" content="Durée de lecture estimée" />
	<meta name="twitter:data1" content="4 minutes" />
<script type="application/ld+json" class="yoast-schema-graph">{"@context":"https:\/\/schema.org","@graph":[{"@type":"WebPage","@id":"https:\/\/sepam.com.br\/fr\/artigos\/com-quantos-anos-voce-aprendeu-a-amarrar-os-seus-cadarcos\/","url":"https:\/\/sepam.com.br\/fr\/artigos\/com-quantos-anos-voce-aprendeu-a-amarrar-os-seus-cadarcos\/","name":"Com quantos anos você aprendeu a amarrar os seus cadarços? - Colégio Sepam","isPartOf":{"@id":"https:\/\/sepam.com.br\/#website"},"datePublished":"2025-09-09T23:37:30+00:00","dateModified":"2026-02-11T14:00:56+00:00","breadcrumb":{"@id":"https:\/\/sepam.com.br\/fr\/artigos\/com-quantos-anos-voce-aprendeu-a-amarrar-os-seus-cadarcos\/#breadcrumb"},"inLanguage":"fr-FR","potentialAction":[{"@type":"ReadAction","target":["https:\/\/sepam.com.br\/fr\/artigos\/com-quantos-anos-voce-aprendeu-a-amarrar-os-seus-cadarcos\/"]}]},{"@type":"BreadcrumbList","@id":"https:\/\/sepam.com.br\/fr\/artigos\/com-quantos-anos-voce-aprendeu-a-amarrar-os-seus-cadarcos\/#breadcrumb","itemListElement":[{"@type":"ListItem","position":1,"name":"Boas Vindas","item":"https:\/\/sepam.com.br\/"},{"@type":"ListItem","position":2,"name":"Com quantos anos você aprendeu a amarrar os seus cadarços?"}]},{"@type":"WebSite","@id":"https:\/\/sepam.com.br\/fr\/#website","url":"https:\/\/sepam.com.br\/fr\/","name":"Colégio Sepam","description":"Ensino Incomparável","publisher":{"@id":"https:\/\/sepam.com.br\/fr\/#organization"},"potentialAction":[{"@type":"SearchAction","target":{"@type":"EntryPoint","urlTemplate":"https:\/\/sepam.com.br\/fr\/?s={search_term_string}"},"query-input":{"@type":"PropertyValueSpecification","valueRequired":true,"valueName":"search_term_string"}}],"inLanguage":"fr-FR"},{"@type":"Organization","@id":"https:\/\/sepam.com.br\/fr\/#organization","name":"Colégio Sepam","url":"https:\/\/sepam.com.br\/fr\/","logo":{"@type":"ImageObject","inLanguage":"fr-FR","@id":"https:\/\/sepam.com.br\/fr\/#\/schema\/logo\/image\/","url":"https:\/\/sepam.com.br\/wp-content\/uploads\/2025\/02\/Ativo-2.png","contentUrl":"https:\/\/sepam.com.br\/wp-content\/uploads\/2025\/02\/Ativo-2.png","width":595,"height":525,"caption":"Colégio Sepam"},"image":{"@id":"https:\/\/sepam.com.br\/fr\/#\/schema\/logo\/image\/"}}]}</script>
<!-- / Yoast SEO plugin. -->

Com quantos anos você aprendeu a amarrar os seus cadarços? - Colégio Sepam

Por Katia Gisele Costa Num domingo desses, me dediquei a uma pilha de revistas sobre educação que eu tenho levado de um lado para o outro, na esperança de conseguir tempo para fazer leituras reflexivas, naquele dia consegui! Apesar de gostar da facilidade e utilizar muito as TICs, ainda sou fã e adepta da boa [&hellip;]

Colégio Sepam

Ensino Incomparável
