{"id":7603,"date":"2025-09-09T20:37:30","date_gmt":"2025-09-09T23:37:30","guid":{"rendered":"https:\/\/dev.alisonandrei.com.br\/artigos\/antes-da-cortina-se-abrir\/"},"modified":"2026-02-11T11:00:56","modified_gmt":"2026-02-11T14:00:56","slug":"antes-da-cortina-se-abrir","status":"publish","type":"artigos","link":"https:\/\/sepam.com.br\/es\/artigos\/antes-da-cortina-se-abrir\/","title":{"rendered":"Antes da cortina se abrir"},"content":{"rendered":"<p><strong><em>Por Katia Gisele Costa<\/em><\/strong><\/p>\n<p><em>\u00c0s v\u00e9speras de mais uma apresenta\u00e7\u00e3o dos nossos alunos gostar\u00edamos de convidar voc\u00eas, pais e m\u00e3es, a fazerem uma reflex\u00e3o sobre as apresenta\u00e7\u00f5es escolares. Por que elas acontecem? Quais s\u00e3o os objetivos que perpassam cada a\u00e7\u00e3o pensada pela escola? Quais as preocupa\u00e7\u00f5es dos profissionais que est\u00e3o envolvidos no trabalho com as crian\u00e7as?<\/em><\/p>\n<p>Sou m\u00e3e de tr\u00eas e j\u00e1 tive diferentes experi\u00eancias com as minhas filhas em diversas apresenta\u00e7\u00f5es p\u00fablicas e, por isso, me considero apta a falar sobre o assunto. Feira da Cultura, Dias das M\u00e3es, dos Pais, Festival de M\u00fasica, Cantata Natalina, competi\u00e7\u00f5es esportivas, Mostra de Dan\u00e7a entre outras s\u00e3o ocasi\u00f5es que nos trazem a oportunidade de refletir. Para que nenhum ato passe desapercebido no desenvolvimento das crian\u00e7as, algumas perguntas devem permear nossas mentes nas apresenta\u00e7\u00f5es escolares. Qual a inten\u00e7\u00e3o da escola em promover atividades que envolvem exposi\u00e7\u00e3o p\u00fablica? Qual a raz\u00e3o (ou as raz\u00f5es) pelas quais os pais querem que seus filhos participem das apresenta\u00e7\u00f5es escolares? O que esperar dos \u201cmini artistas\u201d nos dias de apresenta\u00e7\u00e3o?<\/p>\n<p>Ent\u00e3o, vamos l\u00e1! Festividades e eventos comemorativos presentes no calend\u00e1rio escolar s\u00e3o previstos, primeiramente, com a inten\u00e7\u00e3o de enriquecer o curr\u00edculo oportunizando aos alunos outras possibilidades de aprendizagem, que n\u00e3o sejam as formais. Neste leque, que envolve o chamado \u201ccurr\u00edculo oculto\u201d, acreditamos que enquanto se prepara para uma apresenta\u00e7\u00e3o a crian\u00e7a desenvolve habilidades como a concentra\u00e7\u00e3o, o esp\u00edrito coletivo, o autocontrole e entra em contato com os sentimentos de frustra\u00e7\u00e3o e medo; sentimentos que, ali\u00e1s, fazem parte do cotidiano de todo ser humano. Enquanto brinca, dan\u00e7a, se expressa verbal e corporalmente a crian\u00e7a enfrenta obst\u00e1culos internos ligados \u00e0 supera\u00e7\u00e3o e \u00e0 autoestima.<\/p>\n<p>Quando a escola chama as fam\u00edlias para assistirem \u00e0 uma apresenta\u00e7\u00e3o dos seus filhos n\u00e3o tem a certeza de que tudo vai sair exatamente como foi planejado, at\u00e9 porque o trabalho com crian\u00e7a n\u00e3o obedece rotinas nem regras, ao contr\u00e1rio, ele \u00e9 flex\u00edvel, constantemente adaptado e todos est\u00e3o preparados para um imprevisto; mesmo assim, trabalhamos para que tudo saia da maneira mais bonita poss\u00edvel. Para n\u00f3s esta maneira obedece alguns crit\u00e9rios r\u00edgidos porque priorizamos o divertimento das crian\u00e7as, respeitamos os limites de cada um, procuramos ajudar as crian\u00e7as a vencerem seus pr\u00f3prios desafios, aplaudimos pequenas conquistas, incentivamos e enchemos de carinho aquele que se sente desmotivado ou fracassado.<\/p>\n<p>Devemos dizer que, algumas vezes, as formas que agimos no imediatismo das a\u00e7\u00f5es (falando precisamente de palco) nem sempre agradam a plateia. \u00c0s vezes precisamos retirar uma crian\u00e7a do palco no meio da m\u00fasica, outras vezes a professora precisa sentar no palco e dan\u00e7ar junto com a crian\u00e7a para que ela se sinta segura; h\u00e1 momentos em que a fam\u00edlia est\u00e1 na plateia com as m\u00e1quinas preparadas para a fotografia e a crian\u00e7a se recusa a entrar junto com o grupo. A fam\u00edlia que est\u00e1 assistindo \u00e0 apresenta\u00e7\u00e3o deve se lembrar o tempo todo que a prioridade das professoras neste momento n\u00e3o \u00e9 a plateia, \u00e9 o aluno. Se ele quiser dan\u00e7ar, vai dan\u00e7ar. Se ele chorar e quiser sair do palco, vai sair. Pensamos sempre que se a crian\u00e7a estiver feliz e aproveitando o momento ser\u00e1 ben\u00e9fico e muito proveitoso para o seu desenvolvimento.<\/p>\n<p>As fam\u00edlias, assim como n\u00f3s, precisam refletir sobre o porqu\u00ea querem que seus filhos se apresentem e o que esperam deles nestas ocasi\u00f5es. Ser\u00e1 que a fam\u00edlia quer que seu filho se destaque perante o grupo? Quer avaliar o trabalho da escola? Quer comparar seus filhos com outras crian\u00e7as? Quer simplesmente ver seus filhos brincando e se divertindo no palco? E se o seu filho n\u00e3o gostar de palco? E se ele for t\u00edmido e n\u00e3o quiser participar por vergonha? Como voc\u00ea agir\u00e1? O que dir\u00e1 para ele depois? \u00c9 importante refletir sobre tudo isso antes da cortina se abrir!<\/p>\n<p>Por isso pais, m\u00e3es, padrinhos, madrinhas, tios, tias, av\u00f3s, av\u00f4s, estejam todos preparados para o lindo espet\u00e1culo vivo e real que os nossos alunos far\u00e3o na Mostra de Dan\u00e7a SEPAM 2019 e sentem-se na plateia com um olhar amoroso sobre cada aluno e cada professor e professora que preparou este espet\u00e1culo. Desconecte-se. Aprecie. Divirta-se. Use e abuse dos aplausos, pois eles s\u00e3o a maior e melhor recompensa que nosso grande grupo escolar pode receber de voc\u00eas.<\/p>\n<p>&nbsp;<\/p>\n<blockquote>\n<p style=\"text-align: left;\"><em><strong>Katia Gisele Costa<\/strong> \u00e9\u00a0Pedagoga pela Universidade Estadual de Ponta Grossa e Mestre em Educa\u00e7\u00e3o pela Universidade do Minho (Portugal). \u00c9\u00a0 Coordenadora Pedag\u00f3gica \u2013 Educa\u00e7\u00e3o Infantil no Col\u00e9gio Pontagrossense SEPAM, de Ponta Grossa-PR.<\/em><\/p>\n<\/blockquote>\n","protected":false},"featured_media":0,"template":"","class_list":["post-7603","artigos","type-artigos","status-publish","hentry"],"yoast_head":"<!-- This site is optimized with the Yoast SEO plugin v28.4 - https:\/\/yoast.com\/product\/yoast-seo-wordpress\/ -->\n<title>Antes da cortina se abrir - Col\u00e9gio Sepam<\/title>\n<meta name=\"robots\" content=\"index, follow, max-snippet:-1, max-image-preview:large, max-video-preview:-1\" \/>\n<link rel=\"canonical\" href=\"https:\/\/sepam.com.br\/es\/artigos\/antes-da-cortina-se-abrir\/\" \/>\n<meta property=\"og:locale\" content=\"es_ES\" \/>\n<meta property=\"og:type\" content=\"article\" \/>\n<meta property=\"og:title\" content=\"Antes da cortina se abrir - Col\u00e9gio Sepam\" \/>\n<meta property=\"og:description\" content=\"Por Katia Gisele Costa \u00c0s v\u00e9speras de mais uma apresenta\u00e7\u00e3o dos nossos alunos gostar\u00edamos de convidar voc\u00eas, pais e m\u00e3es, a fazerem uma reflex\u00e3o sobre as apresenta\u00e7\u00f5es escolares. Por que elas acontecem? Quais s\u00e3o os objetivos que perpassam cada a\u00e7\u00e3o pensada pela escola? Quais as preocupa\u00e7\u00f5es dos profissionais que est\u00e3o envolvidos no trabalho com as [&hellip;]\" \/>\n<meta property=\"og:url\" content=\"https:\/\/sepam.com.br\/es\/artigos\/antes-da-cortina-se-abrir\/\" \/>\n<meta property=\"og:site_name\" content=\"Col\u00e9gio Sepam\" \/>\n<meta property=\"article:modified_time\" content=\"2026-02-11T14:00:56+00:00\" \/>\n<meta name=\"twitter:card\" content=\"summary_large_image\" \/>\n<meta name=\"twitter:label1\" content=\"Tiempo de lectura\" \/>\n\t<meta name=\"twitter:data1\" content=\"4 minutos\" \/>\n<script type=\"application\/ld+json\" class=\"yoast-schema-graph\">{\"@context\":\"https:\\\/\\\/schema.org\",\"@graph\":[{\"@type\":\"WebPage\",\"@id\":\"https:\\\/\\\/sepam.com.br\\\/es\\\/artigos\\\/antes-da-cortina-se-abrir\\\/\",\"url\":\"https:\\\/\\\/sepam.com.br\\\/es\\\/artigos\\\/antes-da-cortina-se-abrir\\\/\",\"name\":\"Antes da cortina se abrir - Col\u00e9gio Sepam\",\"isPartOf\":{\"@id\":\"https:\\\/\\\/sepam.com.br\\\/#website\"},\"datePublished\":\"2025-09-09T23:37:30+00:00\",\"dateModified\":\"2026-02-11T14:00:56+00:00\",\"breadcrumb\":{\"@id\":\"https:\\\/\\\/sepam.com.br\\\/es\\\/artigos\\\/antes-da-cortina-se-abrir\\\/#breadcrumb\"},\"inLanguage\":\"es\",\"potentialAction\":[{\"@type\":\"ReadAction\",\"target\":[\"https:\\\/\\\/sepam.com.br\\\/es\\\/artigos\\\/antes-da-cortina-se-abrir\\\/\"]}]},{\"@type\":\"BreadcrumbList\",\"@id\":\"https:\\\/\\\/sepam.com.br\\\/es\\\/artigos\\\/antes-da-cortina-se-abrir\\\/#breadcrumb\",\"itemListElement\":[{\"@type\":\"ListItem\",\"position\":1,\"name\":\"Boas Vindas\",\"item\":\"https:\\\/\\\/sepam.com.br\\\/\"},{\"@type\":\"ListItem\",\"position\":2,\"name\":\"Antes da cortina se abrir\"}]},{\"@type\":\"WebSite\",\"@id\":\"https:\\\/\\\/sepam.com.br\\\/es\\\/#website\",\"url\":\"https:\\\/\\\/sepam.com.br\\\/es\\\/\",\"name\":\"Col\u00e9gio Sepam\",\"description\":\"Ensino Incompar\u00e1vel\",\"publisher\":{\"@id\":\"https:\\\/\\\/sepam.com.br\\\/es\\\/#organization\"},\"potentialAction\":[{\"@type\":\"SearchAction\",\"target\":{\"@type\":\"EntryPoint\",\"urlTemplate\":\"https:\\\/\\\/sepam.com.br\\\/es\\\/?s={search_term_string}\"},\"query-input\":{\"@type\":\"PropertyValueSpecification\",\"valueRequired\":true,\"valueName\":\"search_term_string\"}}],\"inLanguage\":\"es\"},{\"@type\":\"Organization\",\"@id\":\"https:\\\/\\\/sepam.com.br\\\/es\\\/#organization\",\"name\":\"Col\u00e9gio Sepam\",\"url\":\"https:\\\/\\\/sepam.com.br\\\/es\\\/\",\"logo\":{\"@type\":\"ImageObject\",\"inLanguage\":\"es\",\"@id\":\"https:\\\/\\\/sepam.com.br\\\/es\\\/#\\\/schema\\\/logo\\\/image\\\/\",\"url\":\"https:\\\/\\\/sepam.com.br\\\/wp-content\\\/uploads\\\/2025\\\/02\\\/Ativo-2.png\",\"contentUrl\":\"https:\\\/\\\/sepam.com.br\\\/wp-content\\\/uploads\\\/2025\\\/02\\\/Ativo-2.png\",\"width\":595,\"height\":525,\"caption\":\"Col\u00e9gio Sepam\"},\"image\":{\"@id\":\"https:\\\/\\\/sepam.com.br\\\/es\\\/#\\\/schema\\\/logo\\\/image\\\/\"}}]}<\/script>\n<!-- \/ Yoast SEO plugin. -->","yoast_head_json":{"title":"Antes da cortina se abrir - Col\u00e9gio Sepam","robots":{"index":"index","follow":"follow","max-snippet":"max-snippet:-1","max-image-preview":"max-image-preview:large","max-video-preview":"max-video-preview:-1"},"canonical":"https:\/\/sepam.com.br\/es\/artigos\/antes-da-cortina-se-abrir\/","og_locale":"es_ES","og_type":"article","og_title":"Antes da cortina se abrir - Col\u00e9gio Sepam","og_description":"Por Katia Gisele Costa \u00c0s v\u00e9speras de mais uma apresenta\u00e7\u00e3o dos nossos alunos gostar\u00edamos de convidar voc\u00eas, pais e m\u00e3es, a fazerem uma reflex\u00e3o sobre as apresenta\u00e7\u00f5es escolares. Por que elas acontecem? Quais s\u00e3o os objetivos que perpassam cada a\u00e7\u00e3o pensada pela escola? Quais as preocupa\u00e7\u00f5es dos profissionais que est\u00e3o envolvidos no trabalho com as [&hellip;]","og_url":"https:\/\/sepam.com.br\/es\/artigos\/antes-da-cortina-se-abrir\/","og_site_name":"Col\u00e9gio Sepam","article_modified_time":"2026-02-11T14:00:56+00:00","twitter_card":"summary_large_image","twitter_misc":{"Tiempo de lectura":"4 minutos"},"schema":{"@context":"https:\/\/schema.org","@graph":[{"@type":"WebPage","@id":"https:\/\/sepam.com.br\/es\/artigos\/antes-da-cortina-se-abrir\/","url":"https:\/\/sepam.com.br\/es\/artigos\/antes-da-cortina-se-abrir\/","name":"Antes da cortina se abrir - Col\u00e9gio Sepam","isPartOf":{"@id":"https:\/\/sepam.com.br\/#website"},"datePublished":"2025-09-09T23:37:30+00:00","dateModified":"2026-02-11T14:00:56+00:00","breadcrumb":{"@id":"https:\/\/sepam.com.br\/es\/artigos\/antes-da-cortina-se-abrir\/#breadcrumb"},"inLanguage":"es","potentialAction":[{"@type":"ReadAction","target":["https:\/\/sepam.com.br\/es\/artigos\/antes-da-cortina-se-abrir\/"]}]},{"@type":"BreadcrumbList","@id":"https:\/\/sepam.com.br\/es\/artigos\/antes-da-cortina-se-abrir\/#breadcrumb","itemListElement":[{"@type":"ListItem","position":1,"name":"Boas Vindas","item":"https:\/\/sepam.com.br\/"},{"@type":"ListItem","position":2,"name":"Antes da cortina se abrir"}]},{"@type":"WebSite","@id":"https:\/\/sepam.com.br\/es\/#website","url":"https:\/\/sepam.com.br\/es\/","name":"Col\u00e9gio Sepam","description":"Ensino Incompar\u00e1vel","publisher":{"@id":"https:\/\/sepam.com.br\/es\/#organization"},"potentialAction":[{"@type":"SearchAction","target":{"@type":"EntryPoint","urlTemplate":"https:\/\/sepam.com.br\/es\/?s={search_term_string}"},"query-input":{"@type":"PropertyValueSpecification","valueRequired":true,"valueName":"search_term_string"}}],"inLanguage":"es"},{"@type":"Organization","@id":"https:\/\/sepam.com.br\/es\/#organization","name":"Col\u00e9gio Sepam","url":"https:\/\/sepam.com.br\/es\/","logo":{"@type":"ImageObject","inLanguage":"es","@id":"https:\/\/sepam.com.br\/es\/#\/schema\/logo\/image\/","url":"https:\/\/sepam.com.br\/wp-content\/uploads\/2025\/02\/Ativo-2.png","contentUrl":"https:\/\/sepam.com.br\/wp-content\/uploads\/2025\/02\/Ativo-2.png","width":595,"height":525,"caption":"Col\u00e9gio Sepam"},"image":{"@id":"https:\/\/sepam.com.br\/es\/#\/schema\/logo\/image\/"}}]}},"_links":{"self":[{"href":"https:\/\/sepam.com.br\/es\/wp-json\/wp\/v2\/artigos\/7603","targetHints":{"allow":["GET"]}}],"collection":[{"href":"https:\/\/sepam.com.br\/es\/wp-json\/wp\/v2\/artigos"}],"about":[{"href":"https:\/\/sepam.com.br\/es\/wp-json\/wp\/v2\/types\/artigos"}],"wp:attachment":[{"href":"https:\/\/sepam.com.br\/es\/wp-json\/wp\/v2\/media?parent=7603"}],"curies":[{"name":"wp","href":"https:\/\/api.w.org\/{rel}","templated":true}]}}

<p><strong><em>Por Katia Gisele Costa</em></strong></p>
<p><em>Às vésperas de mais uma apresentação dos nossos alunos gostaríamos de convidar vocês, pais e mães, a fazerem uma reflexão sobre as apresentações escolares. Por que elas acontecem? Quais são os objetivos que perpassam cada ação pensada pela escola? Quais as preocupações dos profissionais que estão envolvidos no trabalho com as crianças?</em></p>
<p>Sou mãe de três e já tive diferentes experiências com as minhas filhas em diversas apresentações públicas e, por isso, me considero apta a falar sobre o assunto. Feira da Cultura, Dias das Mães, dos Pais, Festival de Música, Cantata Natalina, competições esportivas, Mostra de Dança entre outras são ocasiões que nos trazem a oportunidade de refletir. Para que nenhum ato passe desapercebido no desenvolvimento das crianças, algumas perguntas devem permear nossas mentes nas apresentações escolares. Qual a intenção da escola em promover atividades que envolvem exposição pública? Qual a razão (ou as razões) pelas quais os pais querem que seus filhos participem das apresentações escolares? O que esperar dos “mini artistas” nos dias de apresentação?</p>
<p>Então, vamos lá! Festividades e eventos comemorativos presentes no calendário escolar são previstos, primeiramente, com a intenção de enriquecer o currículo oportunizando aos alunos outras possibilidades de aprendizagem, que não sejam as formais. Neste leque, que envolve o chamado “currículo oculto”, acreditamos que enquanto se prepara para uma apresentação a criança desenvolve habilidades como a concentração, o espírito coletivo, o autocontrole e entra em contato com os sentimentos de frustração e medo; sentimentos que, aliás, fazem parte do cotidiano de todo ser humano. Enquanto brinca, dança, se expressa verbal e corporalmente a criança enfrenta obstáculos internos ligados à superação e à autoestima.</p>
<p>Quando a escola chama as famílias para assistirem à uma apresentação dos seus filhos não tem a certeza de que tudo vai sair exatamente como foi planejado, até porque o trabalho com criança não obedece rotinas nem regras, ao contrário, ele é flexível, constantemente adaptado e todos estão preparados para um imprevisto; mesmo assim, trabalhamos para que tudo saia da maneira mais bonita possível. Para nós esta maneira obedece alguns critérios rígidos porque priorizamos o divertimento das crianças, respeitamos os limites de cada um, procuramos ajudar as crianças a vencerem seus próprios desafios, aplaudimos pequenas conquistas, incentivamos e enchemos de carinho aquele que se sente desmotivado ou fracassado.</p>
<p>Devemos dizer que, algumas vezes, as formas que agimos no imediatismo das ações (falando precisamente de palco) nem sempre agradam a plateia. Às vezes precisamos retirar uma criança do palco no meio da música, outras vezes a professora precisa sentar no palco e dançar junto com a criança para que ela se sinta segura; há momentos em que a família está na plateia com as máquinas preparadas para a fotografia e a criança se recusa a entrar junto com o grupo. A família que está assistindo à apresentação deve se lembrar o tempo todo que a prioridade das professoras neste momento não é a plateia, é o aluno. Se ele quiser dançar, vai dançar. Se ele chorar e quiser sair do palco, vai sair. Pensamos sempre que se a criança estiver feliz e aproveitando o momento será benéfico e muito proveitoso para o seu desenvolvimento.</p>
<p>As famílias, assim como nós, precisam refletir sobre o porquê querem que seus filhos se apresentem e o que esperam deles nestas ocasiões. Será que a família quer que seu filho se destaque perante o grupo? Quer avaliar o trabalho da escola? Quer comparar seus filhos com outras crianças? Quer simplesmente ver seus filhos brincando e se divertindo no palco? E se o seu filho não gostar de palco? E se ele for tímido e não quiser participar por vergonha? Como você agirá? O que dirá para ele depois? É importante refletir sobre tudo isso antes da cortina se abrir!</p>
<p>Por isso pais, mães, padrinhos, madrinhas, tios, tias, avós, avôs, estejam todos preparados para o lindo espetáculo vivo e real que os nossos alunos farão na Mostra de Dança SEPAM 2019 e sentem-se na plateia com um olhar amoroso sobre cada aluno e cada professor e professora que preparou este espetáculo. Desconecte-se. Aprecie. Divirta-se. Use e abuse dos aplausos, pois eles são a maior e melhor recompensa que nosso grande grupo escolar pode receber de vocês.</p>
<p>&nbsp;</p>
<blockquote>
<p style="text-align: left;"><em><strong>Katia Gisele Costa</strong> é Pedagoga pela Universidade Estadual de Ponta Grossa e Mestre em Educação pela Universidade do Minho (Portugal). É  Coordenadora Pedagógica – Educação Infantil no Colégio Pontagrossense SEPAM, de Ponta Grossa-PR.</em></p>
</blockquote>

<!-- This site is optimized with the Yoast SEO plugin v28.4 - https://yoast.com/product/yoast-seo-wordpress/ -->
<title>Antes da cortina se abrir - Colégio Sepam</title>
<meta name="robots" content="index, follow, max-snippet:-1, max-image-preview:large, max-video-preview:-1" />
<link rel="canonical" href="https://sepam.com.br/es/artigos/antes-da-cortina-se-abrir/" />
<meta property="og:locale" content="es_ES" />
<meta property="og:type" content="article" />
<meta property="og:title" content="Antes da cortina se abrir - Colégio Sepam" />
<meta property="og:description" content="Por Katia Gisele Costa Às vésperas de mais uma apresentação dos nossos alunos gostaríamos de convidar vocês, pais e mães, a fazerem uma reflexão sobre as apresentações escolares. Por que elas acontecem? Quais são os objetivos que perpassam cada ação pensada pela escola? Quais as preocupações dos profissionais que estão envolvidos no trabalho com as [&hellip;]" />
<meta property="og:url" content="https://sepam.com.br/es/artigos/antes-da-cortina-se-abrir/" />
<meta property="og:site_name" content="Colégio Sepam" />
<meta property="article:modified_time" content="2026-02-11T14:00:56+00:00" />
<meta name="twitter:card" content="summary_large_image" />
<meta name="twitter:label1" content="Tiempo de lectura" />
	<meta name="twitter:data1" content="4 minutos" />
<script type="application/ld+json" class="yoast-schema-graph">{"@context":"https:\/\/schema.org","@graph":[{"@type":"WebPage","@id":"https:\/\/sepam.com.br\/es\/artigos\/antes-da-cortina-se-abrir\/","url":"https:\/\/sepam.com.br\/es\/artigos\/antes-da-cortina-se-abrir\/","name":"Antes da cortina se abrir - Colégio Sepam","isPartOf":{"@id":"https:\/\/sepam.com.br\/#website"},"datePublished":"2025-09-09T23:37:30+00:00","dateModified":"2026-02-11T14:00:56+00:00","breadcrumb":{"@id":"https:\/\/sepam.com.br\/es\/artigos\/antes-da-cortina-se-abrir\/#breadcrumb"},"inLanguage":"es","potentialAction":[{"@type":"ReadAction","target":["https:\/\/sepam.com.br\/es\/artigos\/antes-da-cortina-se-abrir\/"]}]},{"@type":"BreadcrumbList","@id":"https:\/\/sepam.com.br\/es\/artigos\/antes-da-cortina-se-abrir\/#breadcrumb","itemListElement":[{"@type":"ListItem","position":1,"name":"Boas Vindas","item":"https:\/\/sepam.com.br\/"},{"@type":"ListItem","position":2,"name":"Antes da cortina se abrir"}]},{"@type":"WebSite","@id":"https:\/\/sepam.com.br\/es\/#website","url":"https:\/\/sepam.com.br\/es\/","name":"Colégio Sepam","description":"Ensino Incomparável","publisher":{"@id":"https:\/\/sepam.com.br\/es\/#organization"},"potentialAction":[{"@type":"SearchAction","target":{"@type":"EntryPoint","urlTemplate":"https:\/\/sepam.com.br\/es\/?s={search_term_string}"},"query-input":{"@type":"PropertyValueSpecification","valueRequired":true,"valueName":"search_term_string"}}],"inLanguage":"es"},{"@type":"Organization","@id":"https:\/\/sepam.com.br\/es\/#organization","name":"Colégio Sepam","url":"https:\/\/sepam.com.br\/es\/","logo":{"@type":"ImageObject","inLanguage":"es","@id":"https:\/\/sepam.com.br\/es\/#\/schema\/logo\/image\/","url":"https:\/\/sepam.com.br\/wp-content\/uploads\/2025\/02\/Ativo-2.png","contentUrl":"https:\/\/sepam.com.br\/wp-content\/uploads\/2025\/02\/Ativo-2.png","width":595,"height":525,"caption":"Colégio Sepam"},"image":{"@id":"https:\/\/sepam.com.br\/es\/#\/schema\/logo\/image\/"}}]}</script>
<!-- / Yoast SEO plugin. -->

Antes da cortina se abrir - Colégio Sepam

Por Katia Gisele Costa Às vésperas de mais uma apresentação dos nossos alunos gostaríamos de convidar vocês, pais e mães, a fazerem uma reflexão sobre as apresentações escolares. Por que elas acontecem? Quais são os objetivos que perpassam cada ação pensada pela escola? Quais as preocupações dos profissionais que estão envolvidos no trabalho com as [&hellip;]

Colégio Sepam

Ensino Incomparável
