{"id":7591,"date":"2025-09-09T20:37:30","date_gmt":"2025-09-09T23:37:30","guid":{"rendered":"https:\/\/dev.alisonandrei.com.br\/artigos\/crianca-nao-mente-mentira\/"},"modified":"2026-02-11T11:00:56","modified_gmt":"2026-02-11T14:00:56","slug":"crianca-nao-mente-mentira","status":"publish","type":"artigos","link":"https:\/\/sepam.com.br\/es\/artigos\/crianca-nao-mente-mentira\/","title":{"rendered":"Crian\u00e7a n\u00e3o mente. Mentira!"},"content":{"rendered":"<p><em>Por Katia Gisele Costa<\/em><\/p>\n<p>Quem nunca ouviu um adulto dizer a uma crian\u00e7a que se ela mentir cresce o nariz?<\/p>\n<p>Pin\u00f3quio, o cl\u00e1ssico personagem italiano, fez parte da inf\u00e2ncia de uma gera\u00e7\u00e3o que cresceu com medo de acordar com nariz comprido. O fato de a marionete ganhar vida no final da hist\u00f3ria, nada tem a ver com as mentiras contadas no desenrolar das Aventuras de Pin\u00f3quio.<\/p>\n<p>H\u00e1 muitos significados atrelados \u00e0 palavra mentira, especialmente quando se trata de crian\u00e7a. Eu diria que o ato de contar inverdades \u00e9 apenas a habilidade que a crian\u00e7a tem para dar ao adulto um argumento convincente, mesmo que este n\u00e3o seja verdade. A famigerada frase \u201ccrian\u00e7a n\u00e3o mente\u201d \u00e9 mentira! Crian\u00e7a mente sim e pode, inclusive, saber onde pode mentir, para quem pode mentir e de que forma a mentira a beneficiar\u00e1 ou divertir\u00e1.<\/p>\n<p>Para come\u00e7ar, devo dizer que a presen\u00e7a da mentira na inf\u00e2ncia n\u00e3o est\u00e1 ligada \u00e0 \u00edndole, nem \u00e0 forma\u00e7\u00e3o de car\u00e1ter, nada disso. Os pais e professores percebem que a crian\u00e7a est\u00e1 mentindo quando, por exemplo, ela se diverte com a situa\u00e7\u00e3o, tenta esquivar-se de uma culpa, sair na vantagem com rela\u00e7\u00e3o ao outro ou quando tenta tirar proveito de alguma situa\u00e7\u00e3o se vitimizando. \u00c9 preciso valorizar dois aspectos importantes nessa hist\u00f3ria toda: 1- a crian\u00e7a est\u00e1 aprendendo a argumentar e a encontrar estrat\u00e9gias; sendo assim, o ato de contar inverdades n\u00e3o deixa de ser uma forma de aprendizado que exige, inclusive, grande capacidade cognitiva; 2- se o adulto quiser realmente saber a verdade sobre algo s\u00e9rio, deve fazer perguntas objetivas.<\/p>\n<p>J\u00e1 ouvimos, muitas vezes, pais perguntando \u201cmas onde foi que essa crian\u00e7a aprendeu a mentir?\u201d Pois, pelo conv\u00edvio que os professores e pedagogos t\u00eam com as crian\u00e7as, podem afirmar que nem sempre a mentira \u00e9 uma atitude aprendida por imita\u00e7\u00e3o, como a maioria das aquisi\u00e7\u00f5es cognitivas; a crian\u00e7a pode mentir por medo, por inseguran\u00e7a, por car\u00eancia, ou simplesmente porque n\u00e3o distingue ainda o que \u00e9 real do que \u00e9 fantasia.<\/p>\n<p>At\u00e9 os 8 anos, aproximadamente, a crian\u00e7a n\u00e3o v\u00ea maldade em contar um fato que n\u00e3o seja real e, \u00e0s vezes, at\u00e9 se diverte com a possibilidade de aumentar um acontecimento ou dizer que sonhou com algo que ela quer muito. Como, ent\u00e3o, o adulto deve proceder diante disso? Como corrigir essa atitude na crian\u00e7a? A melhor maneira, ao perceber o exagero na fala da crian\u00e7a, \u00e9 voc\u00ea dizer que vai confirmar a informa\u00e7\u00e3o. Se ela disser, por exemplo: \u201cMinha casa tem 10 andares\u201d, voc\u00ea deve responder: \u201cLegal! Ent\u00e3o vou pedir para sua m\u00e3e me mandar uma foto\u201d. Ao depara-se com a consequ\u00eancia da sua fala, a crian\u00e7a imediatamente percebe o erro que cometeu.<\/p>\n<p>Os adultos precisam saber que as crian\u00e7as respondem \u00e0s suas perguntas com exatid\u00e3o, assim como compreendem com mais facilidade respostas objetivas; portanto, n\u00e3o seja tendencioso ao perguntar, procure n\u00e3o influenciar a resposta da crian\u00e7a com express\u00f5es faciais que a fa\u00e7am perceber que tipo de resposta voc\u00ea quer que ela d\u00ea.<\/p>\n<p>O ideal, ent\u00e3o, \u00e9 saber conduzir a situa\u00e7\u00e3o conforme a gravidade do assunto. Se a crian\u00e7a diz que um amigo pegou seu lugar na fila (isso n\u00e3o \u00e9 grave), voc\u00ea pode usar os outros amigos como testemunhas para mostrar-lhe que a mentira n\u00e3o leva a nada. Se o assunto for uma acusa\u00e7\u00e3o de agress\u00e3o ou abuso (isso \u00e9 muito grave), o adulto deve imediatamente encontrar maneiras de averiguar a afirma\u00e7\u00e3o da crian\u00e7a.<\/p>\n<p>Sendo assim, vamos, pais e professores, ficar de olhos bem abertos nos nossos pequenos Pin\u00f3quios. E lembremo-nos sempre de que a capacidade cognitiva da crian\u00e7a \u00e9 potencializada quando ela tem por perto a media\u00e7\u00e3o de um adulto sensato, equilibrado e amoroso.<\/p>\n<blockquote><p><em><strong>Katia Gisele Costa<\/strong> \u00e9\u00a0Pedagoga pela Universidade Estadual de Ponta Grossa e Mestre em Educa\u00e7\u00e3o pela Universidade do Minho (Portugal). \u00c9\u00a0 Coordenadora Pedag\u00f3gica \u2013 Educa\u00e7\u00e3o Infantil no Col\u00e9gio Pontagrossense SEPAM, de Ponta Grossa-PR.<\/em><\/p><\/blockquote>\n","protected":false},"featured_media":0,"template":"","class_list":["post-7591","artigos","type-artigos","status-publish","hentry"],"yoast_head":"<!-- This site is optimized with the Yoast SEO plugin v28.4 - https:\/\/yoast.com\/product\/yoast-seo-wordpress\/ -->\n<title>Crian\u00e7a n\u00e3o mente. Mentira! - Col\u00e9gio Sepam<\/title>\n<meta name=\"robots\" content=\"index, follow, max-snippet:-1, max-image-preview:large, max-video-preview:-1\" \/>\n<link rel=\"canonical\" href=\"https:\/\/sepam.com.br\/es\/artigos\/crianca-nao-mente-mentira\/\" \/>\n<meta property=\"og:locale\" content=\"es_ES\" \/>\n<meta property=\"og:type\" content=\"article\" \/>\n<meta property=\"og:title\" content=\"Crian\u00e7a n\u00e3o mente. Mentira! - Col\u00e9gio Sepam\" \/>\n<meta property=\"og:description\" content=\"Por Katia Gisele Costa Quem nunca ouviu um adulto dizer a uma crian\u00e7a que se ela mentir cresce o nariz? Pin\u00f3quio, o cl\u00e1ssico personagem italiano, fez parte da inf\u00e2ncia de uma gera\u00e7\u00e3o que cresceu com medo de acordar com nariz comprido. O fato de a marionete ganhar vida no final da hist\u00f3ria, nada tem a [&hellip;]\" \/>\n<meta property=\"og:url\" content=\"https:\/\/sepam.com.br\/es\/artigos\/crianca-nao-mente-mentira\/\" \/>\n<meta property=\"og:site_name\" content=\"Col\u00e9gio Sepam\" \/>\n<meta property=\"article:modified_time\" content=\"2026-02-11T14:00:56+00:00\" \/>\n<meta name=\"twitter:card\" content=\"summary_large_image\" \/>\n<meta name=\"twitter:label1\" content=\"Tiempo de lectura\" \/>\n\t<meta name=\"twitter:data1\" content=\"3 minutos\" \/>\n<script type=\"application\/ld+json\" class=\"yoast-schema-graph\">{\"@context\":\"https:\\\/\\\/schema.org\",\"@graph\":[{\"@type\":\"WebPage\",\"@id\":\"https:\\\/\\\/sepam.com.br\\\/es\\\/artigos\\\/crianca-nao-mente-mentira\\\/\",\"url\":\"https:\\\/\\\/sepam.com.br\\\/es\\\/artigos\\\/crianca-nao-mente-mentira\\\/\",\"name\":\"Crian\u00e7a n\u00e3o mente. Mentira! - Col\u00e9gio Sepam\",\"isPartOf\":{\"@id\":\"https:\\\/\\\/sepam.com.br\\\/#website\"},\"datePublished\":\"2025-09-09T23:37:30+00:00\",\"dateModified\":\"2026-02-11T14:00:56+00:00\",\"breadcrumb\":{\"@id\":\"https:\\\/\\\/sepam.com.br\\\/es\\\/artigos\\\/crianca-nao-mente-mentira\\\/#breadcrumb\"},\"inLanguage\":\"es\",\"potentialAction\":[{\"@type\":\"ReadAction\",\"target\":[\"https:\\\/\\\/sepam.com.br\\\/es\\\/artigos\\\/crianca-nao-mente-mentira\\\/\"]}]},{\"@type\":\"BreadcrumbList\",\"@id\":\"https:\\\/\\\/sepam.com.br\\\/es\\\/artigos\\\/crianca-nao-mente-mentira\\\/#breadcrumb\",\"itemListElement\":[{\"@type\":\"ListItem\",\"position\":1,\"name\":\"Boas Vindas\",\"item\":\"https:\\\/\\\/sepam.com.br\\\/\"},{\"@type\":\"ListItem\",\"position\":2,\"name\":\"Crian\u00e7a n\u00e3o mente. Mentira!\"}]},{\"@type\":\"WebSite\",\"@id\":\"https:\\\/\\\/sepam.com.br\\\/es\\\/#website\",\"url\":\"https:\\\/\\\/sepam.com.br\\\/es\\\/\",\"name\":\"Col\u00e9gio Sepam\",\"description\":\"Ensino Incompar\u00e1vel\",\"publisher\":{\"@id\":\"https:\\\/\\\/sepam.com.br\\\/es\\\/#organization\"},\"potentialAction\":[{\"@type\":\"SearchAction\",\"target\":{\"@type\":\"EntryPoint\",\"urlTemplate\":\"https:\\\/\\\/sepam.com.br\\\/es\\\/?s={search_term_string}\"},\"query-input\":{\"@type\":\"PropertyValueSpecification\",\"valueRequired\":true,\"valueName\":\"search_term_string\"}}],\"inLanguage\":\"es\"},{\"@type\":\"Organization\",\"@id\":\"https:\\\/\\\/sepam.com.br\\\/es\\\/#organization\",\"name\":\"Col\u00e9gio Sepam\",\"url\":\"https:\\\/\\\/sepam.com.br\\\/es\\\/\",\"logo\":{\"@type\":\"ImageObject\",\"inLanguage\":\"es\",\"@id\":\"https:\\\/\\\/sepam.com.br\\\/es\\\/#\\\/schema\\\/logo\\\/image\\\/\",\"url\":\"https:\\\/\\\/sepam.com.br\\\/wp-content\\\/uploads\\\/2025\\\/02\\\/Ativo-2.png\",\"contentUrl\":\"https:\\\/\\\/sepam.com.br\\\/wp-content\\\/uploads\\\/2025\\\/02\\\/Ativo-2.png\",\"width\":595,\"height\":525,\"caption\":\"Col\u00e9gio Sepam\"},\"image\":{\"@id\":\"https:\\\/\\\/sepam.com.br\\\/es\\\/#\\\/schema\\\/logo\\\/image\\\/\"}}]}<\/script>\n<!-- \/ Yoast SEO plugin. -->","yoast_head_json":{"title":"Crian\u00e7a n\u00e3o mente. Mentira! - Col\u00e9gio Sepam","robots":{"index":"index","follow":"follow","max-snippet":"max-snippet:-1","max-image-preview":"max-image-preview:large","max-video-preview":"max-video-preview:-1"},"canonical":"https:\/\/sepam.com.br\/es\/artigos\/crianca-nao-mente-mentira\/","og_locale":"es_ES","og_type":"article","og_title":"Crian\u00e7a n\u00e3o mente. Mentira! - Col\u00e9gio Sepam","og_description":"Por Katia Gisele Costa Quem nunca ouviu um adulto dizer a uma crian\u00e7a que se ela mentir cresce o nariz? Pin\u00f3quio, o cl\u00e1ssico personagem italiano, fez parte da inf\u00e2ncia de uma gera\u00e7\u00e3o que cresceu com medo de acordar com nariz comprido. O fato de a marionete ganhar vida no final da hist\u00f3ria, nada tem a [&hellip;]","og_url":"https:\/\/sepam.com.br\/es\/artigos\/crianca-nao-mente-mentira\/","og_site_name":"Col\u00e9gio Sepam","article_modified_time":"2026-02-11T14:00:56+00:00","twitter_card":"summary_large_image","twitter_misc":{"Tiempo de lectura":"3 minutos"},"schema":{"@context":"https:\/\/schema.org","@graph":[{"@type":"WebPage","@id":"https:\/\/sepam.com.br\/es\/artigos\/crianca-nao-mente-mentira\/","url":"https:\/\/sepam.com.br\/es\/artigos\/crianca-nao-mente-mentira\/","name":"Crian\u00e7a n\u00e3o mente. Mentira! - Col\u00e9gio Sepam","isPartOf":{"@id":"https:\/\/sepam.com.br\/#website"},"datePublished":"2025-09-09T23:37:30+00:00","dateModified":"2026-02-11T14:00:56+00:00","breadcrumb":{"@id":"https:\/\/sepam.com.br\/es\/artigos\/crianca-nao-mente-mentira\/#breadcrumb"},"inLanguage":"es","potentialAction":[{"@type":"ReadAction","target":["https:\/\/sepam.com.br\/es\/artigos\/crianca-nao-mente-mentira\/"]}]},{"@type":"BreadcrumbList","@id":"https:\/\/sepam.com.br\/es\/artigos\/crianca-nao-mente-mentira\/#breadcrumb","itemListElement":[{"@type":"ListItem","position":1,"name":"Boas Vindas","item":"https:\/\/sepam.com.br\/"},{"@type":"ListItem","position":2,"name":"Crian\u00e7a n\u00e3o mente. Mentira!"}]},{"@type":"WebSite","@id":"https:\/\/sepam.com.br\/es\/#website","url":"https:\/\/sepam.com.br\/es\/","name":"Col\u00e9gio Sepam","description":"Ensino Incompar\u00e1vel","publisher":{"@id":"https:\/\/sepam.com.br\/es\/#organization"},"potentialAction":[{"@type":"SearchAction","target":{"@type":"EntryPoint","urlTemplate":"https:\/\/sepam.com.br\/es\/?s={search_term_string}"},"query-input":{"@type":"PropertyValueSpecification","valueRequired":true,"valueName":"search_term_string"}}],"inLanguage":"es"},{"@type":"Organization","@id":"https:\/\/sepam.com.br\/es\/#organization","name":"Col\u00e9gio Sepam","url":"https:\/\/sepam.com.br\/es\/","logo":{"@type":"ImageObject","inLanguage":"es","@id":"https:\/\/sepam.com.br\/es\/#\/schema\/logo\/image\/","url":"https:\/\/sepam.com.br\/wp-content\/uploads\/2025\/02\/Ativo-2.png","contentUrl":"https:\/\/sepam.com.br\/wp-content\/uploads\/2025\/02\/Ativo-2.png","width":595,"height":525,"caption":"Col\u00e9gio Sepam"},"image":{"@id":"https:\/\/sepam.com.br\/es\/#\/schema\/logo\/image\/"}}]}},"_links":{"self":[{"href":"https:\/\/sepam.com.br\/es\/wp-json\/wp\/v2\/artigos\/7591","targetHints":{"allow":["GET"]}}],"collection":[{"href":"https:\/\/sepam.com.br\/es\/wp-json\/wp\/v2\/artigos"}],"about":[{"href":"https:\/\/sepam.com.br\/es\/wp-json\/wp\/v2\/types\/artigos"}],"wp:attachment":[{"href":"https:\/\/sepam.com.br\/es\/wp-json\/wp\/v2\/media?parent=7591"}],"curies":[{"name":"wp","href":"https:\/\/api.w.org\/{rel}","templated":true}]}}

Criança não mente. Mentira!

<p><em>Por Katia Gisele Costa</em></p>
<p>Quem nunca ouviu um adulto dizer a uma criança que se ela mentir cresce o nariz?</p>
<p>Pinóquio, o clássico personagem italiano, fez parte da infância de uma geração que cresceu com medo de acordar com nariz comprido. O fato de a marionete ganhar vida no final da história, nada tem a ver com as mentiras contadas no desenrolar das Aventuras de Pinóquio.</p>
<p>Há muitos significados atrelados à palavra mentira, especialmente quando se trata de criança. Eu diria que o ato de contar inverdades é apenas a habilidade que a criança tem para dar ao adulto um argumento convincente, mesmo que este não seja verdade. A famigerada frase “criança não mente” é mentira! Criança mente sim e pode, inclusive, saber onde pode mentir, para quem pode mentir e de que forma a mentira a beneficiará ou divertirá.</p>
<p>Para começar, devo dizer que a presença da mentira na infância não está ligada à índole, nem à formação de caráter, nada disso. Os pais e professores percebem que a criança está mentindo quando, por exemplo, ela se diverte com a situação, tenta esquivar-se de uma culpa, sair na vantagem com relação ao outro ou quando tenta tirar proveito de alguma situação se vitimizando. É preciso valorizar dois aspectos importantes nessa história toda: 1- a criança está aprendendo a argumentar e a encontrar estratégias; sendo assim, o ato de contar inverdades não deixa de ser uma forma de aprendizado que exige, inclusive, grande capacidade cognitiva; 2- se o adulto quiser realmente saber a verdade sobre algo sério, deve fazer perguntas objetivas.</p>
<p>Já ouvimos, muitas vezes, pais perguntando “mas onde foi que essa criança aprendeu a mentir?” Pois, pelo convívio que os professores e pedagogos têm com as crianças, podem afirmar que nem sempre a mentira é uma atitude aprendida por imitação, como a maioria das aquisições cognitivas; a criança pode mentir por medo, por insegurança, por carência, ou simplesmente porque não distingue ainda o que é real do que é fantasia.</p>
<p>Até os 8 anos, aproximadamente, a criança não vê maldade em contar um fato que não seja real e, às vezes, até se diverte com a possibilidade de aumentar um acontecimento ou dizer que sonhou com algo que ela quer muito. Como, então, o adulto deve proceder diante disso? Como corrigir essa atitude na criança? A melhor maneira, ao perceber o exagero na fala da criança, é você dizer que vai confirmar a informação. Se ela disser, por exemplo: “Minha casa tem 10 andares”, você deve responder: “Legal! Então vou pedir para sua mãe me mandar uma foto”. Ao depara-se com a consequência da sua fala, a criança imediatamente percebe o erro que cometeu.</p>
<p>Os adultos precisam saber que as crianças respondem às suas perguntas com exatidão, assim como compreendem com mais facilidade respostas objetivas; portanto, não seja tendencioso ao perguntar, procure não influenciar a resposta da criança com expressões faciais que a façam perceber que tipo de resposta você quer que ela dê.</p>
<p>O ideal, então, é saber conduzir a situação conforme a gravidade do assunto. Se a criança diz que um amigo pegou seu lugar na fila (isso não é grave), você pode usar os outros amigos como testemunhas para mostrar-lhe que a mentira não leva a nada. Se o assunto for uma acusação de agressão ou abuso (isso é muito grave), o adulto deve imediatamente encontrar maneiras de averiguar a afirmação da criança.</p>
<p>Sendo assim, vamos, pais e professores, ficar de olhos bem abertos nos nossos pequenos Pinóquios. E lembremo-nos sempre de que a capacidade cognitiva da criança é potencializada quando ela tem por perto a mediação de um adulto sensato, equilibrado e amoroso.</p>
<blockquote><p><em><strong>Katia Gisele Costa</strong> é Pedagoga pela Universidade Estadual de Ponta Grossa e Mestre em Educação pela Universidade do Minho (Portugal). É  Coordenadora Pedagógica – Educação Infantil no Colégio Pontagrossense SEPAM, de Ponta Grossa-PR.</em></p></blockquote>

<!-- This site is optimized with the Yoast SEO plugin v28.4 - https://yoast.com/product/yoast-seo-wordpress/ -->
<title>Criança não mente. Mentira! - Colégio Sepam</title>
<meta name="robots" content="index, follow, max-snippet:-1, max-image-preview:large, max-video-preview:-1" />
<link rel="canonical" href="https://sepam.com.br/es/artigos/crianca-nao-mente-mentira/" />
<meta property="og:locale" content="es_ES" />
<meta property="og:type" content="article" />
<meta property="og:title" content="Criança não mente. Mentira! - Colégio Sepam" />
<meta property="og:description" content="Por Katia Gisele Costa Quem nunca ouviu um adulto dizer a uma criança que se ela mentir cresce o nariz? Pinóquio, o clássico personagem italiano, fez parte da infância de uma geração que cresceu com medo de acordar com nariz comprido. O fato de a marionete ganhar vida no final da história, nada tem a [&hellip;]" />
<meta property="og:url" content="https://sepam.com.br/es/artigos/crianca-nao-mente-mentira/" />
<meta property="og:site_name" content="Colégio Sepam" />
<meta property="article:modified_time" content="2026-02-11T14:00:56+00:00" />
<meta name="twitter:card" content="summary_large_image" />
<meta name="twitter:label1" content="Tiempo de lectura" />
	<meta name="twitter:data1" content="3 minutos" />
<script type="application/ld+json" class="yoast-schema-graph">{"@context":"https:\/\/schema.org","@graph":[{"@type":"WebPage","@id":"https:\/\/sepam.com.br\/es\/artigos\/crianca-nao-mente-mentira\/","url":"https:\/\/sepam.com.br\/es\/artigos\/crianca-nao-mente-mentira\/","name":"Criança não mente. Mentira! - Colégio Sepam","isPartOf":{"@id":"https:\/\/sepam.com.br\/#website"},"datePublished":"2025-09-09T23:37:30+00:00","dateModified":"2026-02-11T14:00:56+00:00","breadcrumb":{"@id":"https:\/\/sepam.com.br\/es\/artigos\/crianca-nao-mente-mentira\/#breadcrumb"},"inLanguage":"es","potentialAction":[{"@type":"ReadAction","target":["https:\/\/sepam.com.br\/es\/artigos\/crianca-nao-mente-mentira\/"]}]},{"@type":"BreadcrumbList","@id":"https:\/\/sepam.com.br\/es\/artigos\/crianca-nao-mente-mentira\/#breadcrumb","itemListElement":[{"@type":"ListItem","position":1,"name":"Boas Vindas","item":"https:\/\/sepam.com.br\/"},{"@type":"ListItem","position":2,"name":"Criança não mente. Mentira!"}]},{"@type":"WebSite","@id":"https:\/\/sepam.com.br\/es\/#website","url":"https:\/\/sepam.com.br\/es\/","name":"Colégio Sepam","description":"Ensino Incomparável","publisher":{"@id":"https:\/\/sepam.com.br\/es\/#organization"},"potentialAction":[{"@type":"SearchAction","target":{"@type":"EntryPoint","urlTemplate":"https:\/\/sepam.com.br\/es\/?s={search_term_string}"},"query-input":{"@type":"PropertyValueSpecification","valueRequired":true,"valueName":"search_term_string"}}],"inLanguage":"es"},{"@type":"Organization","@id":"https:\/\/sepam.com.br\/es\/#organization","name":"Colégio Sepam","url":"https:\/\/sepam.com.br\/es\/","logo":{"@type":"ImageObject","inLanguage":"es","@id":"https:\/\/sepam.com.br\/es\/#\/schema\/logo\/image\/","url":"https:\/\/sepam.com.br\/wp-content\/uploads\/2025\/02\/Ativo-2.png","contentUrl":"https:\/\/sepam.com.br\/wp-content\/uploads\/2025\/02\/Ativo-2.png","width":595,"height":525,"caption":"Colégio Sepam"},"image":{"@id":"https:\/\/sepam.com.br\/es\/#\/schema\/logo\/image\/"}}]}</script>
<!-- / Yoast SEO plugin. -->

Criança não mente. Mentira! - Colégio Sepam

Por Katia Gisele Costa Quem nunca ouviu um adulto dizer a uma criança que se ela mentir cresce o nariz? Pinóquio, o clássico personagem italiano, fez parte da infância de uma geração que cresceu com medo de acordar com nariz comprido. O fato de a marionete ganhar vida no final da história, nada tem a [&hellip;]

Colégio Sepam

Ensino Incomparável
